Last updated on 2025-02-16 09:50:48 CET.
Flavor | Version | Tinstall | Tcheck | Ttotal | Status | Flags |
---|---|---|---|---|---|---|
r-devel-linux-x86_64-debian-clang | 0.1 | 14.47 | 124.06 | 138.53 | OK | |
r-devel-linux-x86_64-debian-gcc | 0.1 | 10.67 | 85.51 | 96.18 | OK | |
r-devel-linux-x86_64-fedora-clang | 0.1 | 220.15 | NOTE | |||
r-devel-linux-x86_64-fedora-gcc | 0.1 | 213.64 | NOTE | |||
r-devel-macos-arm64 | 0.1 | 67.00 | OK | |||
r-devel-macos-x86_64 | 0.1 | 132.00 | OK | |||
r-devel-windows-x86_64 | 0.1 | 15.00 | 123.00 | 138.00 | OK | |
r-patched-linux-x86_64 | 0.1 | 13.37 | 112.80 | 126.17 | OK | |
r-release-linux-x86_64 | 0.1 | 13.42 | 111.43 | 124.85 | OK | |
r-release-macos-arm64 | 0.1 | 65.00 | OK | |||
r-release-macos-x86_64 | 0.1 | 89.00 | OK | |||
r-release-windows-x86_64 | 0.1 | 15.00 | 124.00 | 139.00 | OK | |
r-oldrel-macos-arm64 | 0.1 | 77.00 | OK | |||
r-oldrel-macos-x86_64 | 0.1 | 95.00 | OK | |||
r-oldrel-windows-x86_64 | 0.1 | 19.00 | 177.00 | 196.00 | OK |
Version: 0.1
Check: dependencies in R code
Result: NOTE
Namespaces in Imports field not imported from:
‘ComplexHeatmap’ ‘mathjaxr’
All declared Imports should be used.
Flavors: r-devel-linux-x86_64-fedora-clang, r-devel-linux-x86_64-fedora-gcc