Last updated on 2025-02-16 09:50:48 CET.
Flavor | Version | Tinstall | Tcheck | Ttotal | Status | Flags |
---|---|---|---|---|---|---|
r-devel-linux-x86_64-debian-clang | 0.1.0 | 7.67 | 37.61 | 45.28 | NOTE | |
r-devel-linux-x86_64-debian-gcc | 0.1.0 | 6.23 | 28.34 | 34.57 | NOTE | |
r-devel-linux-x86_64-fedora-clang | 0.1.0 | 80.63 | NOTE | |||
r-devel-linux-x86_64-fedora-gcc | 0.1.0 | 85.91 | NOTE | |||
r-devel-macos-arm64 | 0.1.0 | 33.00 | NOTE | |||
r-devel-macos-x86_64 | 0.1.0 | 63.00 | NOTE | |||
r-devel-windows-x86_64 | 0.1.0 | 10.00 | 63.00 | 73.00 | NOTE | |
r-patched-linux-x86_64 | 0.1.0 | 8.30 | 35.85 | 44.15 | NOTE | |
r-release-linux-x86_64 | 0.1.0 | 8.40 | 35.79 | 44.19 | NOTE | |
r-release-macos-arm64 | 0.1.0 | 32.00 | NOTE | |||
r-release-macos-x86_64 | 0.1.0 | 45.00 | NOTE | |||
r-release-windows-x86_64 | 0.1.0 | 10.00 | 65.00 | 75.00 | NOTE | |
r-oldrel-macos-arm64 | 0.1.0 | 34.00 | OK | |||
r-oldrel-macos-x86_64 | 0.1.0 | 50.00 | OK | |||
r-oldrel-windows-x86_64 | 0.1.0 | 13.00 | 61.00 | 74.00 | OK |
Version: 0.1.0
Check: Rd files
Result: NOTE
checkRd: (-1) PakPMICS2018fs.Rd:308: Lost braces in \enumerate; meant \describe ?
checkRd: (-1) PakPMICS2018fs.Rd:309: Lost braces in \enumerate; meant \describe ?
Flavors: r-devel-linux-x86_64-debian-clang, r-devel-linux-x86_64-debian-gcc, r-devel-linux-x86_64-fedora-clang, r-devel-linux-x86_64-fedora-gcc, r-devel-macos-arm64, r-devel-macos-x86_64, r-devel-windows-x86_64, r-patched-linux-x86_64, r-release-linux-x86_64, r-release-macos-arm64, r-release-macos-x86_64, r-release-windows-x86_64