Last updated on 2025-05-12 09:51:30 CEST.
Flavor | Version | Tinstall | Tcheck | Ttotal | Status | Flags |
---|---|---|---|---|---|---|
r-devel-linux-x86_64-debian-clang | 1.3.0.1 | 29.67 | 78.28 | 107.95 | OK | |
r-devel-linux-x86_64-debian-gcc | 1.3.0.1 | 13.09 | 56.87 | 69.96 | OK | |
r-devel-linux-x86_64-fedora-clang | 1.3.0.1 | 165.32 | NOTE | |||
r-devel-linux-x86_64-fedora-gcc | 1.3.0.1 | 164.43 | NOTE | |||
r-devel-windows-x86_64 | 1.3.0.1 | 23.00 | 106.00 | 129.00 | OK | |
r-patched-linux-x86_64 | 1.3.0.1 | 20.91 | 73.81 | 94.72 | OK | |
r-release-linux-x86_64 | 1.3.0.1 | 20.27 | 73.64 | 93.91 | OK | |
r-release-macos-arm64 | 1.3.0.1 | 54.00 | OK | |||
r-release-macos-x86_64 | 1.3.0.1 | 92.00 | OK | |||
r-release-windows-x86_64 | 1.3.0.1 | 23.00 | 113.00 | 136.00 | OK | |
r-oldrel-macos-arm64 | 1.3.0.1 | 48.00 | OK | |||
r-oldrel-macos-x86_64 | 1.3.0.1 | 104.00 | OK | |||
r-oldrel-windows-x86_64 | 1.3.0.1 | 29.00 | 129.00 | 158.00 | OK |
Version: 1.3.0.1
Check: compiled code
Result: NOTE
File ‘PWEALL/libs/PWEALL.so’:
Found no calls to: ‘R_registerRoutines’, ‘R_useDynamicSymbols’
It is good practice to register native routines and to disable symbol
search.
See ‘Writing portable packages’ in the ‘Writing R Extensions’ manual.
Flavors: r-devel-linux-x86_64-fedora-clang, r-devel-linux-x86_64-fedora-gcc