CRAN Package Check Results for Package PSGD

Last updated on 2025-04-16 09:53:08 CEST.

Flavor Version Tinstall Tcheck Ttotal Status Flags
r-devel-linux-x86_64-debian-clang 1.0.6 75.42 28.04 103.46 OK
r-devel-linux-x86_64-debian-gcc 1.0.6 55.39 22.69 78.08 OK
r-devel-linux-x86_64-fedora-clang 1.0.6 201.67 OK
r-devel-linux-x86_64-fedora-gcc 1.0.6 195.39 OK
r-devel-windows-x86_64 1.0.6 93.00 66.00 159.00 OK
r-patched-linux-x86_64 1.0.6 73.55 27.56 101.11 OK
r-release-linux-x86_64 1.0.6 74.45 27.63 102.08 OK
r-release-macos-arm64 1.0.6 55.00 OK
r-release-macos-x86_64 1.0.6 71.00 OK
r-release-windows-x86_64 1.0.6 93.00 67.00 160.00 OK
r-oldrel-macos-arm64 1.0.6 57.00 NOTE
r-oldrel-macos-x86_64 1.0.6 81.00 NOTE
r-oldrel-windows-x86_64 1.0.6 109.00 75.00 184.00 OK

Check Details

Version: 1.0.6
Check: installed package size
Result: NOTE installed size is 5.3Mb sub-directories of 1Mb or more: libs 5.2Mb Flavors: r-oldrel-macos-arm64, r-oldrel-macos-x86_64