Last updated on 2025-02-16 09:50:49 CET.
Flavor | Version | Tinstall | Tcheck | Ttotal | Status | Flags |
---|---|---|---|---|---|---|
r-devel-linux-x86_64-debian-clang | 0.67.0 | 17.68 | 231.85 | 249.53 | NOTE | |
r-devel-linux-x86_64-debian-gcc | 0.67.0 | 11.42 | 173.06 | 184.48 | NOTE | |
r-devel-linux-x86_64-fedora-clang | 0.67.0 | 409.09 | OK | |||
r-devel-linux-x86_64-fedora-gcc | 0.67.0 | 476.75 | OK | |||
r-devel-macos-arm64 | 0.67.0 | 163.00 | OK | |||
r-devel-macos-x86_64 | 0.67.0 | 317.00 | OK | |||
r-devel-windows-x86_64 | 0.67.0 | 17.00 | 384.00 | 401.00 | NOTE | |
r-patched-linux-x86_64 | 0.67.0 | 20.21 | 229.22 | 249.43 | OK | |
r-release-linux-x86_64 | 0.67.0 | 14.27 | 227.18 | 241.45 | OK | |
r-release-macos-arm64 | 0.67.0 | 150.00 | OK | |||
r-release-macos-x86_64 | 0.67.0 | 221.00 | OK | |||
r-release-windows-x86_64 | 0.67.0 | 18.00 | 386.00 | 404.00 | OK | |
r-oldrel-macos-arm64 | 0.67.0 | 197.00 | OK | |||
r-oldrel-macos-x86_64 | 0.67.0 | 375.00 | OK | |||
r-oldrel-windows-x86_64 | 0.67.0 | 23.00 | 464.00 | 487.00 | OK |
Version: 0.67.0
Check: Rd cross-references
Result: NOTE
Found the following Rd file(s) with Rd \link{} targets missing package
anchors:
as.CBS.DNAcopy.Rd: DNAcopy
as.DNAcopy.CBS.Rd: DNAcopy
Please provide package anchors for all Rd \link{} targets not in the
package itself and the base packages.
Flavors: r-devel-linux-x86_64-debian-clang, r-devel-linux-x86_64-debian-gcc, r-devel-windows-x86_64