Last updated on 2025-02-16 09:50:49 CET.
Flavor | Version | Tinstall | Tcheck | Ttotal | Status | Flags |
---|---|---|---|---|---|---|
r-devel-linux-x86_64-debian-clang | 1.5 | 10.82 | 96.34 | 107.16 | NOTE | |
r-devel-linux-x86_64-debian-gcc | 1.5 | 7.23 | 65.88 | 73.11 | NOTE | |
r-devel-linux-x86_64-fedora-clang | 1.5 | 182.12 | NOTE | |||
r-devel-linux-x86_64-fedora-gcc | 1.5 | 163.53 | NOTE | |||
r-devel-macos-arm64 | 1.5 | 55.00 | OK | |||
r-devel-macos-x86_64 | 1.5 | 97.00 | NOTE | |||
r-devel-windows-x86_64 | 1.5 | 13.00 | 142.00 | 155.00 | NOTE | |
r-patched-linux-x86_64 | 1.5 | 9.80 | 90.67 | 100.47 | OK | |
r-release-linux-x86_64 | 1.5 | 9.74 | 92.19 | 101.93 | OK | |
r-release-macos-arm64 | 1.5 | 52.00 | OK | |||
r-release-macos-x86_64 | 1.5 | 76.00 | OK | |||
r-release-windows-x86_64 | 1.5 | 14.00 | 132.00 | 146.00 | OK | |
r-oldrel-macos-arm64 | 1.5 | 54.00 | OK | |||
r-oldrel-macos-x86_64 | 1.5 | 129.00 | OK | |||
r-oldrel-windows-x86_64 | 1.5 | 16.00 | 146.00 | 162.00 | OK |
Version: 1.5
Check: tests
Result: NOTE
Running ‘basic.R’ [31s/38s]
Comparing ‘basic.Rout’ to ‘basic.Rout.save’ ...294,307c294,307
< YYYY MM DD timestamp Qobs deseaonalized
< Min. :0 Min. :0 Min. :0 Min. :0 secs Min. :0 Min. :0
< 1st Qu.:0 1st Qu.:0 1st Qu.:0 1st Qu.:0 secs 1st Qu.:0 1st Qu.:0
< Median :0 Median :0 Median :0 Median :0 secs Median :0 Median :0
< Mean :0 Mean :0 Mean :0 Mean :0 secs Mean :0 Mean :0
< 3rd Qu.:0 3rd Qu.:0 3rd Qu.:0 3rd Qu.:0 secs 3rd Qu.:0 3rd Qu.:0
< Max. :0 Max. :0 Max. :0 Max. :0 secs Max. :0 Max. :0
< r1
< Min. :0
< 1st Qu.:0
< Median :0
< Mean :0
< 3rd Qu.:0
< Max. :0
---
> YYYY MM DD timestamp Qobs
> Min. :0 Min. :0 Min. :0 Length:1825 Min. :0
> 1st Qu.:0 1st Qu.:0 1st Qu.:0 Class :difftime 1st Qu.:0
> Median :0 Median :0 Median :0 Mode :numeric Median :0
> Mean :0 Mean :0 Mean :0 Mean :0
> 3rd Qu.:0 3rd Qu.:0 3rd Qu.:0 3rd Qu.:0
> Max. :0 Max. :0 Max. :0 Max. :0
> deseaonalized r1
> Min. :0 Min. :0
> 1st Qu.:0 1st Qu.:0
> Median :0 Median :0
> Mean :0 Mean :0
> 3rd Qu.:0 3rd Qu.:0
> Max. :0 Max. :0
Flavor: r-devel-linux-x86_64-debian-clang
Version: 1.5
Check: tests
Result: NOTE
Running ‘basic.R’ [21s/26s]
Comparing ‘basic.Rout’ to ‘basic.Rout.save’ ...294,307c294,307
< YYYY MM DD timestamp Qobs deseaonalized
< Min. :0 Min. :0 Min. :0 Min. :0 secs Min. :0 Min. :0
< 1st Qu.:0 1st Qu.:0 1st Qu.:0 1st Qu.:0 secs 1st Qu.:0 1st Qu.:0
< Median :0 Median :0 Median :0 Median :0 secs Median :0 Median :0
< Mean :0 Mean :0 Mean :0 Mean :0 secs Mean :0 Mean :0
< 3rd Qu.:0 3rd Qu.:0 3rd Qu.:0 3rd Qu.:0 secs 3rd Qu.:0 3rd Qu.:0
< Max. :0 Max. :0 Max. :0 Max. :0 secs Max. :0 Max. :0
< r1
< Min. :0
< 1st Qu.:0
< Median :0
< Mean :0
< 3rd Qu.:0
< Max. :0
---
> YYYY MM DD timestamp Qobs
> Min. :0 Min. :0 Min. :0 Length:1825 Min. :0
> 1st Qu.:0 1st Qu.:0 1st Qu.:0 Class :difftime 1st Qu.:0
> Median :0 Median :0 Median :0 Mode :numeric Median :0
> Mean :0 Mean :0 Mean :0 Mean :0
> 3rd Qu.:0 3rd Qu.:0 3rd Qu.:0 3rd Qu.:0
> Max. :0 Max. :0 Max. :0 Max. :0
> deseaonalized r1
> Min. :0 Min. :0
> 1st Qu.:0 1st Qu.:0
> Median :0 Median :0
> Mean :0 Mean :0
> 3rd Qu.:0 3rd Qu.:0
> Max. :0 Max. :0
Flavor: r-devel-linux-x86_64-debian-gcc
Version: 1.5
Check: tests
Result: NOTE
Running ‘basic.R’ [53s/152s]
Comparing ‘basic.Rout’ to ‘basic.Rout.save’ ...294,307c294,307
< YYYY MM DD timestamp Qobs deseaonalized
< Min. :0 Min. :0 Min. :0 Min. :0 secs Min. :0 Min. :0
< 1st Qu.:0 1st Qu.:0 1st Qu.:0 1st Qu.:0 secs 1st Qu.:0 1st Qu.:0
< Median :0 Median :0 Median :0 Median :0 secs Median :0 Median :0
< Mean :0 Mean :0 Mean :0 Mean :0 secs Mean :0 Mean :0
< 3rd Qu.:0 3rd Qu.:0 3rd Qu.:0 3rd Qu.:0 secs 3rd Qu.:0 3rd Qu.:0
< Max. :0 Max. :0 Max. :0 Max. :0 secs Max. :0 Max. :0
< r1
< Min. :0
< 1st Qu.:0
< Median :0
< Mean :0
< 3rd Qu.:0
< Max. :0
---
> YYYY MM DD timestamp Qobs
> Min. :0 Min. :0 Min. :0 Length:1825 Min. :0
> 1st Qu.:0 1st Qu.:0 1st Qu.:0 Class :difftime 1st Qu.:0
> Median :0 Median :0 Median :0 Mode :numeric Median :0
> Mean :0 Mean :0 Mean :0 Mean :0
> 3rd Qu.:0 3rd Qu.:0 3rd Qu.:0 3rd Qu.:0
> Max. :0 Max. :0 Max. :0 Max. :0
> deseaonalized r1
> Min. :0 Min. :0
> 1st Qu.:0 1st Qu.:0
> Median :0 Median :0
> Mean :0 Mean :0
> 3rd Qu.:0 3rd Qu.:0
> Max. :0 Max. :0
Flavor: r-devel-linux-x86_64-fedora-clang
Version: 1.5
Check: tests
Result: NOTE
Running ‘basic.R’ [51s/64s]
Comparing ‘basic.Rout’ to ‘basic.Rout.save’ ...294,307c294,307
< YYYY MM DD timestamp Qobs deseaonalized
< Min. :0 Min. :0 Min. :0 Min. :0 secs Min. :0 Min. :0
< 1st Qu.:0 1st Qu.:0 1st Qu.:0 1st Qu.:0 secs 1st Qu.:0 1st Qu.:0
< Median :0 Median :0 Median :0 Median :0 secs Median :0 Median :0
< Mean :0 Mean :0 Mean :0 Mean :0 secs Mean :0 Mean :0
< 3rd Qu.:0 3rd Qu.:0 3rd Qu.:0 3rd Qu.:0 secs 3rd Qu.:0 3rd Qu.:0
< Max. :0 Max. :0 Max. :0 Max. :0 secs Max. :0 Max. :0
< r1
< Min. :0
< 1st Qu.:0
< Median :0
< Mean :0
< 3rd Qu.:0
< Max. :0
---
> YYYY MM DD timestamp Qobs
> Min. :0 Min. :0 Min. :0 Length:1825 Min. :0
> 1st Qu.:0 1st Qu.:0 1st Qu.:0 Class :difftime 1st Qu.:0
> Median :0 Median :0 Median :0 Mode :numeric Median :0
> Mean :0 Mean :0 Mean :0 Mean :0
> 3rd Qu.:0 3rd Qu.:0 3rd Qu.:0 3rd Qu.:0
> Max. :0 Max. :0 Max. :0 Max. :0
> deseaonalized r1
> Min. :0 Min. :0
> 1st Qu.:0 1st Qu.:0
> Median :0 Median :0
> Mean :0 Mean :0
> 3rd Qu.:0 3rd Qu.:0
> Max. :0 Max. :0
Flavor: r-devel-linux-x86_64-fedora-gcc
Version: 1.5
Check: tests
Result: NOTE
Running ‘basic.R’ [22s/34s]
Comparing ‘basic.Rout’ to ‘basic.Rout.save’ ...294,307c294,307
< YYYY MM DD timestamp Qobs deseaonalized
< Min. :0 Min. :0 Min. :0 Min. :0 secs Min. :0 Min. :0
< 1st Qu.:0 1st Qu.:0 1st Qu.:0 1st Qu.:0 secs 1st Qu.:0 1st Qu.:0
< Median :0 Median :0 Median :0 Median :0 secs Median :0 Median :0
< Mean :0 Mean :0 Mean :0 Mean :0 secs Mean :0 Mean :0
< 3rd Qu.:0 3rd Qu.:0 3rd Qu.:0 3rd Qu.:0 secs 3rd Qu.:0 3rd Qu.:0
< Max. :0 Max. :0 Max. :0 Max. :0 secs Max. :0 Max. :0
< r1
< Min. :0
< 1st Qu.:0
< Median :0
< Mean :0
< 3rd Qu.:0
< Max. :0
---
> YYYY MM DD timestamp Qobs
> Min. :0 Min. :0 Min. :0 Length:1825 Min. :0
> 1st Qu.:0 1st Qu.:0 1st Qu.:0 Class :difftime 1st Qu.:0
> Median :0 Median :0 Median :0 Mode :numeric Median :0
> Mean :0 Mean :0 Mean :0 Mean :0
> 3rd Qu.:0 3rd Qu.:0 3rd Qu.:0 3rd Qu.:0
> Max. :0 Max. :0 Max. :0 Max. :0
> deseaonalized r1
> Min. :0 Min. :0
> 1st Qu.:0 1st Qu.:0
> Median :0 Median :0
> Mean :0 Mean :0
> 3rd Qu.:0 3rd Qu.:0
> Max. :0 Max. :0
Flavor: r-devel-macos-x86_64
Version: 1.5
Check: tests
Result: NOTE
Running 'basic.R' [51s]
Comparing 'basic.Rout' to 'basic.Rout.save' ...294,307c294,307
< YYYY MM DD timestamp Qobs deseaonalized
< Min. :0 Min. :0 Min. :0 Min. :0 secs Min. :0 Min. :0
< 1st Qu.:0 1st Qu.:0 1st Qu.:0 1st Qu.:0 secs 1st Qu.:0 1st Qu.:0
< Median :0 Median :0 Median :0 Median :0 secs Median :0 Median :0
< Mean :0 Mean :0 Mean :0 Mean :0 secs Mean :0 Mean :0
< 3rd Qu.:0 3rd Qu.:0 3rd Qu.:0 3rd Qu.:0 secs 3rd Qu.:0 3rd Qu.:0
< Max. :0 Max. :0 Max. :0 Max. :0 secs Max. :0 Max. :0
< r1
< Min. :0
< 1st Qu.:0
< Median :0
< Mean :0
< 3rd Qu.:0
< Max. :0
---
> YYYY MM DD timestamp Qobs
> Min. :0 Min. :0 Min. :0 Length:1825 Min. :0
> 1st Qu.:0 1st Qu.:0 1st Qu.:0 Class :difftime 1st Qu.:0
> Median :0 Median :0 Median :0 Mode :numeric Median :0
> Mean :0 Mean :0 Mean :0 Mean :0
> 3rd Qu.:0 3rd Qu.:0 3rd Qu.:0 3rd Qu.:0
> Max. :0 Max. :0 Max. :0 Max. :0
> deseaonalized r1
> Min. :0 Min. :0
> 1st Qu.:0 1st Qu.:0
> Median :0 Median :0
> Mean :0 Mean :0
> 3rd Qu.:0 3rd Qu.:0
> Max. :0 Max. :0
Flavor: r-devel-windows-x86_64