Last updated on 2025-10-27 08:50:03 CET.
| Flavor | Version | Tinstall | Tcheck | Ttotal | Status | Flags | 
|---|---|---|---|---|---|---|
| r-devel-linux-x86_64-debian-clang | 1.1 | 2.82 | 26.26 | 29.08 | NOTE | |
| r-devel-linux-x86_64-debian-gcc | 1.1 | 1.80 | 20.70 | 22.50 | NOTE | |
| r-devel-linux-x86_64-fedora-clang | 1.1 | 45.15 | OK | |||
| r-devel-linux-x86_64-fedora-gcc | 1.1 | 56.33 | OK | |||
| r-devel-windows-x86_64 | 1.1 | 3.00 | 44.00 | 47.00 | OK | |
| r-patched-linux-x86_64 | 1.1 | 2.71 | 24.61 | 27.32 | OK | |
| r-release-linux-x86_64 | 1.1 | 2.29 | 24.59 | 26.88 | OK | |
| r-release-macos-arm64 | 1.1 | 1.00 | 22.00 | 23.00 | OK | |
| r-release-macos-x86_64 | 1.1 | 2.00 | 40.00 | 42.00 | OK | |
| r-release-windows-x86_64 | 1.1 | 4.00 | 46.00 | 50.00 | OK | |
| r-oldrel-macos-arm64 | 1.1 | 1.00 | 21.00 | 22.00 | OK | |
| r-oldrel-macos-x86_64 | 1.1 | 2.00 | 31.00 | 33.00 | OK | |
| r-oldrel-windows-x86_64 | 1.1 | 3.00 | 52.00 | 55.00 | OK | 
Version: 1.1
Check: CRAN incoming feasibility
Result: NOTE
  Maintainer: ‘Francesco Vidoli <fvidoli@gmail.com>’
  
  No Authors@R field in DESCRIPTION.
  Please add one, modifying
    Authors@R: c(person(given = "Giuliano",
                        family = "Resce",
                        role = "aut"),
                 person(given = "Menelaos",
                        family = "Tasiou",
                        role = "aut"),
                 person(given = "Francesco",
                        family = "Vidoli",
                        role = c("aut", "cre"),
                        email = "fvidoli@gmail.com"))
  as necessary.
  
  Package CITATION file contains call(s) to old-style personList() or
  as.personList().  Please use c() on person objects instead.
  Package CITATION file contains call(s) to old-style citEntry().  Please
  use bibentry() instead.
  
  Found the following URLs which should use \doi (with the DOI name only):
    File ‘Austria.Rd’:
      https://doi.org/10.1016/j.jclepro.2019.02.115
Flavors: r-devel-linux-x86_64-debian-clang, r-devel-linux-x86_64-debian-gcc