Last updated on 2025-04-15 09:52:28 CEST.
Flavor | Version | Tinstall | Tcheck | Ttotal | Status | Flags |
---|---|---|---|---|---|---|
r-devel-linux-x86_64-debian-clang | 1.2.1 | 34.96 | 55.70 | 90.66 | NOTE | |
r-devel-linux-x86_64-debian-gcc | 1.2.1 | 26.84 | 41.82 | 68.66 | NOTE | |
r-devel-linux-x86_64-fedora-clang | 1.2.1 | 155.91 | NOTE | |||
r-devel-linux-x86_64-fedora-gcc | 1.2.1 | 150.26 | NOTE | |||
r-devel-windows-x86_64 | 1.2.1 | 40.00 | 89.00 | 129.00 | NOTE | |
r-patched-linux-x86_64 | 1.2.1 | 33.80 | 52.99 | 86.79 | NOTE | |
r-release-linux-x86_64 | 1.2.1 | 34.95 | 53.59 | 88.54 | NOTE | |
r-release-macos-arm64 | 1.2.1 | 52.00 | NOTE | |||
r-release-macos-x86_64 | 1.2.1 | 78.00 | NOTE | |||
r-release-windows-x86_64 | 1.2.1 | 41.00 | 90.00 | 131.00 | NOTE | |
r-oldrel-macos-arm64 | 1.2.1 | 44.00 | NOTE | |||
r-oldrel-macos-x86_64 | 1.2.1 | 60.00 | NOTE | |||
r-oldrel-windows-x86_64 | 1.2.1 | 49.00 | 109.00 | 158.00 | NOTE |
Version: 1.2.1
Check: C++ specification
Result: NOTE
Specified C++11: please drop specification unless essential
Flavors: r-devel-linux-x86_64-debian-clang, r-devel-linux-x86_64-debian-gcc, r-devel-linux-x86_64-fedora-clang, r-devel-linux-x86_64-fedora-gcc, r-devel-windows-x86_64, r-patched-linux-x86_64, r-release-linux-x86_64, r-release-macos-arm64, r-release-macos-x86_64, r-release-windows-x86_64, r-oldrel-macos-arm64, r-oldrel-macos-x86_64, r-oldrel-windows-x86_64