CRAN Package Check Results for Package PPRL

Last updated on 2025-04-16 09:53:07 CEST.

Flavor Version Tinstall Tcheck Ttotal Status Flags
r-devel-linux-x86_64-debian-clang 0.3.8 129.58 26.03 155.61 NOTE
r-devel-linux-x86_64-debian-gcc 0.3.8 92.76 20.87 113.63 NOTE
r-devel-linux-x86_64-fedora-clang 0.3.8 338.59 NOTE
r-devel-linux-x86_64-fedora-gcc 0.3.8 297.56 NOTE
r-devel-windows-x86_64 0.3.8 138.00 72.00 210.00 NOTE
r-patched-linux-x86_64 0.3.8 135.66 25.76 161.42 NOTE
r-release-linux-x86_64 0.3.8 131.96 25.89 157.85 NOTE
r-release-macos-arm64 0.3.8 62.00 NOTE
r-release-macos-x86_64 0.3.8 76.00 NOTE
r-release-windows-x86_64 0.3.8 136.00 72.00 208.00 NOTE
r-oldrel-macos-arm64 0.3.8 75.00 NOTE
r-oldrel-macos-x86_64 0.3.8 79.00 NOTE
r-oldrel-windows-x86_64 0.3.8 127.00 84.00 211.00 NOTE

Check Details

Version: 0.3.8
Check: C++ specification
Result: NOTE Specified C++11: please drop specification unless essential Flavors: r-devel-linux-x86_64-debian-clang, r-devel-linux-x86_64-debian-gcc, r-devel-linux-x86_64-fedora-clang, r-devel-linux-x86_64-fedora-gcc, r-devel-windows-x86_64, r-patched-linux-x86_64, r-release-linux-x86_64, r-release-macos-arm64, r-release-macos-x86_64, r-release-windows-x86_64, r-oldrel-macos-arm64, r-oldrel-macos-x86_64, r-oldrel-windows-x86_64

Version: 0.3.8
Check: installed package size
Result: NOTE installed size is 8.9Mb sub-directories of 1Mb or more: libs 8.0Mb Flavors: r-oldrel-macos-arm64, r-oldrel-macos-x86_64