Last updated on 2025-02-20 09:50:59 CET.
Flavor | Version | Tinstall | Tcheck | Ttotal | Status | Flags |
---|---|---|---|---|---|---|
r-devel-linux-x86_64-debian-clang | 2.1.7 | 34.50 | 188.32 | 222.82 | NOTE | |
r-devel-linux-x86_64-debian-gcc | 2.1.7 | 27.09 | 122.70 | 149.79 | NOTE | |
r-devel-linux-x86_64-fedora-clang | 2.1.7 | 351.23 | NOTE | |||
r-devel-linux-x86_64-fedora-gcc | 2.1.7 | 360.69 | NOTE | |||
r-devel-macos-arm64 | 2.1.7 | 97.00 | NOTE | |||
r-devel-macos-x86_64 | 2.1.7 | 197.00 | NOTE | |||
r-devel-windows-x86_64 | 2.1.7 | 36.00 | 189.00 | 225.00 | NOTE | |
r-patched-linux-x86_64 | 2.1.7 | 35.93 | 171.20 | 207.13 | NOTE | |
r-release-linux-x86_64 | 2.1.7 | 34.01 | 170.98 | 204.99 | NOTE | |
r-release-macos-arm64 | 2.1.7 | 94.00 | NOTE | |||
r-release-macos-x86_64 | 2.1.7 | 148.00 | NOTE | |||
r-release-windows-x86_64 | 2.1.7 | 36.00 | 189.00 | 225.00 | NOTE | |
r-oldrel-macos-arm64 | 2.1.7 | 108.00 | NOTE | |||
r-oldrel-macos-x86_64 | 2.1.7 | 177.00 | NOTE | |||
r-oldrel-windows-x86_64 | 2.1.7 | 47.00 | 239.00 | 286.00 | NOTE |
Version: 2.1.7
Check: C++ specification
Result: NOTE
Specified C++11: please drop specification unless essential
Flavors: r-devel-linux-x86_64-debian-clang, r-devel-linux-x86_64-debian-gcc, r-devel-linux-x86_64-fedora-clang, r-devel-linux-x86_64-fedora-gcc, r-devel-macos-arm64, r-devel-macos-x86_64, r-devel-windows-x86_64, r-patched-linux-x86_64, r-release-linux-x86_64, r-release-macos-arm64, r-release-macos-x86_64, r-release-windows-x86_64, r-oldrel-macos-arm64, r-oldrel-macos-x86_64, r-oldrel-windows-x86_64
Version: 2.1.7
Check: Rd files
Result: NOTE
checkRd: (-1) summary.POUMM.Rd:28: Lost braces; missing escapes or markup?
28 | \item{stats}{a named list of functions of the form function(par) { number },
| ^
Flavors: r-devel-linux-x86_64-debian-clang, r-devel-linux-x86_64-debian-gcc, r-devel-linux-x86_64-fedora-clang, r-devel-linux-x86_64-fedora-gcc, r-devel-macos-arm64, r-devel-macos-x86_64, r-devel-windows-x86_64, r-patched-linux-x86_64, r-release-linux-x86_64, r-release-macos-arm64, r-release-macos-x86_64, r-release-windows-x86_64
Version: 2.1.7
Check: installed package size
Result: NOTE
installed size is 7.2Mb
sub-directories of 1Mb or more:
libs 6.5Mb
Flavors: r-release-macos-arm64, r-release-macos-x86_64, r-oldrel-macos-arm64, r-oldrel-macos-x86_64