CRAN Package Check Results for Package POSSA

Last updated on 2025-02-19 09:50:59 CET.

Flavor Version Tinstall Tcheck Ttotal Status Flags
r-devel-linux-x86_64-debian-clang 0.6.4 3.57 81.73 85.30 NOTE
r-devel-linux-x86_64-debian-gcc 0.6.4 2.54 51.70 54.24 NOTE
r-devel-linux-x86_64-fedora-clang 0.6.4 117.16 OK
r-devel-linux-x86_64-fedora-gcc 0.6.4 117.53 OK
r-devel-macos-arm64 0.6.4 40.00 OK
r-devel-macos-x86_64 0.6.4 71.00 OK
r-devel-windows-x86_64 0.6.4 5.00 74.00 79.00 NOTE
r-patched-linux-x86_64 0.6.4 4.61 59.83 64.44 OK
r-release-linux-x86_64 0.6.4 3.06 59.30 62.36 OK
r-release-macos-arm64 0.6.4 45.00 OK
r-release-macos-x86_64 0.6.4 56.00 OK
r-release-windows-x86_64 0.6.4 4.00 75.00 79.00 OK
r-oldrel-macos-arm64 0.6.4 52.00 OK
r-oldrel-macos-x86_64 0.6.4 121.00 OK
r-oldrel-windows-x86_64 0.6.4 4.00 80.00 84.00 OK

Check Details

Version: 0.6.4
Check: Rd cross-references
Result: NOTE Found the following Rd file(s) with Rd \link{} targets missing package anchors: pow.Rd: data.table Please provide package anchors for all Rd \link{} targets not in the package itself and the base packages. Flavors: r-devel-linux-x86_64-debian-clang, r-devel-linux-x86_64-debian-gcc, r-devel-windows-x86_64