Last updated on 2025-02-16 09:50:48 CET.
Flavor | Version | Tinstall | Tcheck | Ttotal | Status | Flags |
---|---|---|---|---|---|---|
r-devel-linux-x86_64-debian-clang | 1.0.3 | 1.96 | 38.77 | 40.73 | NOTE | |
r-devel-linux-x86_64-debian-gcc | 1.0.3 | 1.64 | 26.00 | 27.64 | NOTE | |
r-devel-linux-x86_64-fedora-clang | 1.0.3 | 68.06 | NOTE | |||
r-devel-linux-x86_64-fedora-gcc | 1.0.3 | 61.34 | NOTE | |||
r-devel-macos-arm64 | 1.0.3 | 19.00 | NOTE | |||
r-devel-macos-x86_64 | 1.0.3 | 32.00 | NOTE | |||
r-devel-windows-x86_64 | 1.0.3 | 4.00 | 60.00 | 64.00 | NOTE | |
r-patched-linux-x86_64 | 1.0.3 | 2.36 | 34.42 | 36.78 | NOTE | |
r-release-linux-x86_64 | 1.0.3 | 1.90 | 34.63 | 36.53 | NOTE | |
r-release-macos-arm64 | 1.0.3 | 20.00 | NOTE | |||
r-release-macos-x86_64 | 1.0.3 | 28.00 | NOTE | |||
r-release-windows-x86_64 | 1.0.3 | 3.00 | 53.00 | 56.00 | NOTE | |
r-oldrel-macos-arm64 | 1.0.3 | 24.00 | OK | |||
r-oldrel-macos-x86_64 | 1.0.3 | 34.00 | OK | |||
r-oldrel-windows-x86_64 | 1.0.3 | 3.00 | 59.00 | 62.00 | OK |
Version: 1.0.3
Check: Rd files
Result: NOTE
checkRd: (-1) minK.Rd:11: Lost braces in \itemize; meant \describe ?
checkRd: (-1) minK.Rd:13: Lost braces in \itemize; meant \describe ?
checkRd: (-1) minK.Rd:15: Lost braces in \itemize; meant \describe ?
Flavors: r-devel-linux-x86_64-debian-clang, r-devel-linux-x86_64-debian-gcc, r-devel-linux-x86_64-fedora-clang, r-devel-linux-x86_64-fedora-gcc, r-devel-macos-arm64, r-devel-macos-x86_64, r-devel-windows-x86_64, r-patched-linux-x86_64, r-release-linux-x86_64, r-release-macos-arm64, r-release-macos-x86_64, r-release-windows-x86_64