Last updated on 2025-10-27 08:50:01 CET.
| Flavor | Version | Tinstall | Tcheck | Ttotal | Status | Flags | 
|---|---|---|---|---|---|---|
| r-devel-linux-x86_64-debian-clang | 2.10 | 14.15 | 239.19 | 253.34 | NOTE | |
| r-devel-linux-x86_64-debian-gcc | 2.10 | 10.06 | 159.56 | 169.62 | NOTE | |
| r-devel-linux-x86_64-fedora-clang | 2.10 | 35.00 | 391.37 | 426.37 | OK | |
| r-devel-linux-x86_64-fedora-gcc | 2.10 | 30.00 | 377.03 | 407.03 | OK | |
| r-devel-windows-x86_64 | 2.10 | 16.00 | 232.00 | 248.00 | OK | |
| r-patched-linux-x86_64 | 2.10 | 13.35 | 232.13 | 245.48 | OK | |
| r-release-linux-x86_64 | 2.10 | 14.38 | 230.70 | 245.08 | OK | |
| r-release-macos-arm64 | 2.10 | 7.00 | 111.00 | 118.00 | OK | |
| r-release-macos-x86_64 | 2.10 | 14.00 | 239.00 | 253.00 | OK | |
| r-release-windows-x86_64 | 2.10 | 17.00 | 232.00 | 249.00 | OK | |
| r-oldrel-macos-arm64 | 2.10 | 6.00 | 94.00 | 100.00 | OK | |
| r-oldrel-macos-x86_64 | 2.10 | 9.00 | 154.00 | 163.00 | OK | |
| r-oldrel-windows-x86_64 | 2.10 | 22.00 | 297.00 | 319.00 | OK | 
Version: 2.10
Check: CRAN incoming feasibility
Result: NOTE
  Maintainer: ‘Jeremy Beaulieu <jmbeauli@uark.edu>’
  
  No Authors@R field in DESCRIPTION.
  Please add one, modifying
    Authors@R: c(person(given = c("Jeremy", "M."),
                        family = "Beaulieu",
                        role = "aut",
                        email = "jmbeauli@uark.edu"),
                 person(given = "Brian",
                        family = "O'Meara",
                        role = "aut",
                        email = "bomeara@utk.edu"),
                 person(given = "Jeremy",
                        family = "Beaulieu",
                        role = "cre",
                        email = "jmbeauli@uark.edu"))
  as necessary.
Flavors: r-devel-linux-x86_64-debian-clang, r-devel-linux-x86_64-debian-gcc