Last updated on 2025-02-16 09:50:48 CET.
Flavor | Version | Tinstall | Tcheck | Ttotal | Status | Flags |
---|---|---|---|---|---|---|
r-devel-linux-x86_64-debian-clang | 0.5.3 | 2.90 | 26.63 | 29.53 | OK | |
r-devel-linux-x86_64-debian-gcc | 0.5.3 | 1.95 | 21.16 | 23.11 | OK | |
r-devel-linux-x86_64-fedora-clang | 0.5.3 | 52.00 | NOTE | |||
r-devel-linux-x86_64-fedora-gcc | 0.5.3 | 60.28 | NOTE | |||
r-devel-macos-arm64 | 0.5.3 | 35.00 | OK | |||
r-devel-macos-x86_64 | 0.5.3 | 54.00 | OK | |||
r-devel-windows-x86_64 | 0.5.3 | 4.00 | 52.00 | 56.00 | OK | |
r-patched-linux-x86_64 | 0.5.3 | 2.98 | 25.29 | 28.27 | OK | |
r-release-linux-x86_64 | 0.5.3 | 2.49 | 25.62 | 28.11 | OK | |
r-release-macos-arm64 | 0.5.3 | 35.00 | OK | |||
r-release-macos-x86_64 | 0.5.3 | 42.00 | OK | |||
r-release-windows-x86_64 | 0.5.3 | 5.00 | 53.00 | 58.00 | OK | |
r-oldrel-macos-arm64 | 0.5.3 | 29.00 | OK | |||
r-oldrel-macos-x86_64 | 0.5.3 | 37.00 | OK | |||
r-oldrel-windows-x86_64 | 0.5.3 | 5.00 | 54.00 | 59.00 | OK |
Version: 0.5.3
Check: dependencies in R code
Result: NOTE
Namespace in Imports field not imported from: ‘R6’
All declared Imports should be used.
Flavors: r-devel-linux-x86_64-fedora-clang, r-devel-linux-x86_64-fedora-gcc