Last updated on 2025-10-27 08:50:00 CET.
| Flavor | Version | Tinstall | Tcheck | Ttotal | Status | Flags |
|---|---|---|---|---|---|---|
| r-devel-linux-x86_64-debian-clang | 1.10.1 | 337.99 | 102.09 | 440.08 | OK | |
| r-devel-linux-x86_64-debian-gcc | 1.10.1 | 195.81 | 78.15 | 273.96 | OK | |
| r-devel-linux-x86_64-fedora-clang | 1.10.1 | 900.00 | 188.53 | 1088.53 | OK | |
| r-devel-linux-x86_64-fedora-gcc | 1.10.1 | 660.00 | 69.18 | 729.18 | OK | |
| r-devel-windows-x86_64 | 1.10.1 | 372.00 | 125.00 | 497.00 | OK | |
| r-patched-linux-x86_64 | 1.10.1 | 304.56 | 100.19 | 404.75 | OK | |
| r-release-linux-x86_64 | 1.10.1 | 302.66 | 100.60 | 403.26 | OK | |
| r-release-macos-arm64 | 1.10.1 | 124.00 | 87.00 | 211.00 | OK | |
| r-release-macos-x86_64 | 1.10.1 | 124.00 | 106.00 | 230.00 | OK | |
| r-release-windows-x86_64 | 1.10.1 | 382.00 | 130.00 | 512.00 | OK | |
| r-oldrel-macos-arm64 | 1.10.1 | 119.00 | 50.00 | 169.00 | NOTE | |
| r-oldrel-macos-x86_64 | 1.10.1 | 109.00 | 93.00 | 202.00 | NOTE | |
| r-oldrel-windows-x86_64 | 1.10.1 | 380.00 | 155.00 | 535.00 | NOTE |
Version: 1.10.1
Check: installed package size
Result: NOTE
installed size is 21.3Mb
sub-directories of 1Mb or more:
doc 5.5Mb
libs 15.3Mb
Flavors: r-oldrel-macos-arm64, r-oldrel-macos-x86_64, r-oldrel-windows-x86_64