Last updated on 2025-02-19 09:50:57 CET.
Flavor | Version | Tinstall | Tcheck | Ttotal | Status | Flags |
---|---|---|---|---|---|---|
r-devel-linux-x86_64-debian-clang | 0.1.4 | 9.18 | 83.24 | 92.42 | NOTE | |
r-devel-linux-x86_64-debian-gcc | 0.1.4 | 5.86 | 60.92 | 66.78 | NOTE | |
r-devel-linux-x86_64-fedora-clang | 0.1.4 | 147.58 | OK | |||
r-devel-linux-x86_64-fedora-gcc | 0.1.4 | 166.73 | OK | |||
r-devel-macos-arm64 | 0.1.4 | 48.00 | OK | |||
r-devel-macos-x86_64 | 0.1.4 | 125.00 | OK | |||
r-devel-windows-x86_64 | 0.1.4 | 11.00 | 100.00 | 111.00 | NOTE | |
r-patched-linux-x86_64 | 0.1.4 | 8.04 | 77.09 | 85.13 | OK | |
r-release-linux-x86_64 | 0.1.4 | 8.65 | 77.65 | 86.30 | OK | |
r-release-macos-arm64 | 0.1.4 | 48.00 | OK | |||
r-release-macos-x86_64 | 0.1.4 | 109.00 | OK | |||
r-release-windows-x86_64 | 0.1.4 | 10.00 | 92.00 | 102.00 | OK | |
r-oldrel-macos-arm64 | 0.1.4 | 51.00 | OK | |||
r-oldrel-macos-x86_64 | 0.1.4 | 84.00 | OK | |||
r-oldrel-windows-x86_64 | 0.1.4 | 13.00 | 105.00 | 118.00 | OK |
Version: 0.1.4
Check: Rd cross-references
Result: NOTE
Found the following Rd file(s) with Rd \link{} targets missing package
anchors:
communicability_matrix.Rd: expm, dgeMatrix-class
contagion.Rd: Matrix
criticality.Rd: Matrix
impact_susceptibility.Rd: Matrix, expm, dgeMatrix-class
risk_matrix.Rd: Matrix
Please provide package anchors for all Rd \link{} targets not in the
package itself and the base packages.
Flavors: r-devel-linux-x86_64-debian-clang, r-devel-linux-x86_64-debian-gcc, r-devel-windows-x86_64