Last updated on 2025-02-19 09:50:57 CET.
Flavor | Version | Tinstall | Tcheck | Ttotal | Status | Flags |
---|---|---|---|---|---|---|
r-devel-linux-x86_64-debian-clang | 1.2 | 4.40 | 37.18 | 41.58 | OK | |
r-devel-linux-x86_64-debian-gcc | 1.2 | 3.74 | 28.33 | 32.07 | OK | |
r-devel-linux-x86_64-fedora-clang | 1.2 | 68.40 | NOTE | |||
r-devel-linux-x86_64-fedora-gcc | 1.2 | 67.87 | NOTE | |||
r-devel-macos-arm64 | 1.2 | 27.00 | OK | |||
r-devel-macos-x86_64 | 1.2 | 45.00 | OK | |||
r-devel-windows-x86_64 | 1.2 | 6.00 | 59.00 | 65.00 | OK | |
r-patched-linux-x86_64 | 1.2 | 4.25 | 34.79 | 39.04 | OK | |
r-release-linux-x86_64 | 1.2 | 3.82 | 34.98 | 38.80 | OK | |
r-release-macos-arm64 | 1.2 | 25.00 | OK | |||
r-release-macos-x86_64 | 1.2 | 41.00 | OK | |||
r-release-windows-x86_64 | 1.2 | 6.00 | 58.00 | 64.00 | OK | |
r-oldrel-macos-arm64 | 1.2 | 25.00 | OK | |||
r-oldrel-macos-x86_64 | 1.2 | 38.00 | OK | |||
r-oldrel-windows-x86_64 | 1.2 | 9.00 | 62.00 | 71.00 | OK |
Version: 1.2
Check: compiled code
Result: NOTE
File ‘NetPreProc/libs/NetPreProc.so’:
Found no calls to: ‘R_registerRoutines’, ‘R_useDynamicSymbols’
It is good practice to register native routines and to disable symbol
search.
See ‘Writing portable packages’ in the ‘Writing R Extensions’ manual.
Flavors: r-devel-linux-x86_64-fedora-clang, r-devel-linux-x86_64-fedora-gcc