CRAN Package Check Results for Package NNMIS

Last updated on 2025-04-16 09:53:06 CEST.

Flavor Version Tinstall Tcheck Ttotal Status Flags
r-devel-linux-x86_64-debian-clang 1.0.1 2.02 25.14 27.16 OK
r-devel-linux-x86_64-debian-gcc 1.0.1 1.84 19.06 20.90 OK
r-devel-linux-x86_64-fedora-clang 1.0.1 42.48 OK
r-devel-linux-x86_64-fedora-gcc 1.0.1 40.94 OK
r-devel-windows-x86_64 1.0.1 3.00 46.00 49.00 OK
r-patched-linux-x86_64 1.0.1 2.42 24.70 27.12 OK
r-release-linux-x86_64 1.0.1 2.29 24.92 27.21 OK
r-release-macos-arm64 1.0.1 20.00 OK
r-release-macos-x86_64 1.0.1 30.00 OK
r-release-windows-x86_64 1.0.1 3.00 44.00 47.00 OK
r-oldrel-macos-arm64 1.0.1 17.00 NOTE
r-oldrel-macos-x86_64 1.0.1 24.00 NOTE
r-oldrel-windows-x86_64 1.0.1 4.00 52.00 56.00 NOTE

Check Details

Version: 1.0.1
Check: LazyData
Result: NOTE 'LazyData' is specified without a 'data' directory Flavors: r-oldrel-macos-arm64, r-oldrel-macos-x86_64, r-oldrel-windows-x86_64