Last updated on 2025-02-16 09:50:47 CET.
Flavor | Version | Tinstall | Tcheck | Ttotal | Status | Flags |
---|---|---|---|---|---|---|
r-devel-linux-x86_64-debian-clang | 0.2.1 | 22.29 | 281.21 | 303.50 | NOTE | |
r-devel-linux-x86_64-debian-gcc | 0.2.1 | 15.56 | 197.32 | 212.88 | NOTE | |
r-devel-linux-x86_64-fedora-clang | 0.2.1 | 524.79 | OK | |||
r-devel-linux-x86_64-fedora-gcc | 0.2.1 | 493.08 | OK | |||
r-devel-macos-arm64 | 0.2.1 | 143.00 | OK | |||
r-devel-macos-x86_64 | 0.2.1 | 264.00 | OK | |||
r-devel-windows-x86_64 | 0.2.1 | 24.00 | 256.00 | 280.00 | NOTE | |
r-patched-linux-x86_64 | 0.2.1 | 28.11 | 269.94 | 298.05 | OK | |
r-release-linux-x86_64 | 0.2.1 | 21.61 | 269.23 | 290.84 | OK | |
r-release-macos-arm64 | 0.2.1 | 144.00 | NOTE | |||
r-release-macos-x86_64 | 0.2.1 | 203.00 | NOTE | |||
r-release-windows-x86_64 | 0.2.1 | 23.00 | 262.00 | 285.00 | NOTE | |
r-oldrel-macos-arm64 | 0.2.1 | 143.00 | NOTE | |||
r-oldrel-macos-x86_64 | 0.2.1 | 258.00 | NOTE | |||
r-oldrel-windows-x86_64 | 0.2.1 | 32.00 | 323.00 | 355.00 | NOTE |
Version: 0.2.1
Check: Rd cross-references
Result: NOTE
Found the following Rd file(s) with Rd \link{} targets missing package
anchors:
plotIncMatrix.Rd: scale_fill_distiller
Please provide package anchors for all Rd \link{} targets not in the
package itself and the base packages.
Flavors: r-devel-linux-x86_64-debian-clang, r-devel-linux-x86_64-debian-gcc, r-devel-windows-x86_64
Version: 0.2.1
Check: installed package size
Result: NOTE
installed size is 5.2Mb
sub-directories of 1Mb or more:
doc 4.0Mb
Flavors: r-release-macos-arm64, r-release-macos-x86_64, r-release-windows-x86_64, r-oldrel-macos-arm64, r-oldrel-macos-x86_64, r-oldrel-windows-x86_64