Last updated on 2025-02-16 09:50:47 CET.
Flavor | Version | Tinstall | Tcheck | Ttotal | Status | Flags |
---|---|---|---|---|---|---|
r-devel-linux-x86_64-debian-clang | 0.4.0 | 3.27 | 47.73 | 51.00 | OK | |
r-devel-linux-x86_64-debian-gcc | 0.4.0 | 2.42 | 37.20 | 39.62 | OK | |
r-devel-linux-x86_64-fedora-clang | 0.4.0 | 80.54 | NOTE | |||
r-devel-linux-x86_64-fedora-gcc | 0.4.0 | 92.33 | NOTE | |||
r-devel-macos-arm64 | 0.4.0 | 44.00 | OK | |||
r-devel-macos-x86_64 | 0.4.0 | 143.00 | OK | |||
r-devel-windows-x86_64 | 0.4.0 | 4.00 | 64.00 | 68.00 | OK | |
r-patched-linux-x86_64 | 0.4.0 | 3.10 | 44.95 | 48.05 | OK | |
r-release-linux-x86_64 | 0.4.0 | 2.97 | 43.97 | 46.94 | OK | |
r-release-macos-arm64 | 0.4.0 | 38.00 | OK | |||
r-release-macos-x86_64 | 0.4.0 | 52.00 | OK | |||
r-release-windows-x86_64 | 0.4.0 | 5.00 | 65.00 | 70.00 | OK | |
r-oldrel-macos-arm64 | 0.4.0 | 38.00 | OK | |||
r-oldrel-macos-x86_64 | 0.4.0 | 46.00 | OK | |||
r-oldrel-windows-x86_64 | 0.4.0 | 6.00 | 93.00 | 99.00 | OK |
Version: 0.4.0
Check: dependencies in R code
Result: NOTE
Namespace in Imports field not imported from: ‘nflfastR’
All declared Imports should be used.
Flavors: r-devel-linux-x86_64-fedora-clang, r-devel-linux-x86_64-fedora-gcc