CRAN Package Check Results for Package NCSCopula

Last updated on 2025-04-16 09:53:06 CEST.

Flavor Version Tinstall Tcheck Ttotal Status Flags
r-devel-linux-x86_64-debian-clang 1.0.1 7.77 63.15 70.92 OK
r-devel-linux-x86_64-debian-gcc 1.0.1 6.41 49.04 55.45 OK
r-devel-linux-x86_64-fedora-clang 1.0.1 109.49 OK
r-devel-linux-x86_64-fedora-gcc 1.0.1 106.39 OK
r-devel-windows-x86_64 1.0.1 8.00 77.00 85.00 OK
r-patched-linux-x86_64 1.0.1 7.70 61.83 69.53 OK
r-release-linux-x86_64 1.0.1 6.91 62.51 69.42 OK
r-release-macos-arm64 1.0.1 36.00 OK
r-release-macos-x86_64 1.0.1 65.00 OK
r-release-windows-x86_64 1.0.1 8.00 77.00 85.00 OK
r-oldrel-macos-arm64 1.0.1 33.00 NOTE
r-oldrel-macos-x86_64 1.0.1 51.00 NOTE
r-oldrel-windows-x86_64 1.0.1 11.00 92.00 103.00 NOTE

Check Details

Version: 1.0.1
Check: LazyData
Result: NOTE 'LazyData' is specified without a 'data' directory Flavors: r-oldrel-macos-arm64, r-oldrel-macos-x86_64, r-oldrel-windows-x86_64