Last updated on 2025-02-16 09:50:47 CET.
Flavor | Version | Tinstall | Tcheck | Ttotal | Status | Flags |
---|---|---|---|---|---|---|
r-devel-linux-x86_64-debian-clang | 1.1.8 | 18.09 | 442.84 | 460.93 | OK | |
r-devel-linux-x86_64-debian-gcc | 1.1.8 | 10.03 | 328.98 | 339.01 | OK | |
r-devel-linux-x86_64-fedora-clang | 1.1.8 | 790.60 | NOTE | |||
r-devel-linux-x86_64-fedora-gcc | 1.1.8 | 817.80 | NOTE | |||
r-devel-macos-arm64 | 1.1.8 | 229.00 | OK | |||
r-devel-macos-x86_64 | 1.1.8 | 449.00 | OK | |||
r-devel-windows-x86_64 | 1.1.8 | 19.00 | 429.00 | 448.00 | OK | |
r-patched-linux-x86_64 | 1.1.8 | 17.40 | 472.26 | 489.66 | OK | |
r-release-linux-x86_64 | 1.1.8 | 15.00 | 474.82 | 489.82 | OK | |
r-release-macos-arm64 | 1.1.8 | 141.00 | OK | |||
r-release-macos-x86_64 | 1.1.8 | 267.00 | OK | |||
r-release-windows-x86_64 | 1.1.8 | 19.00 | 430.00 | 449.00 | OK | |
r-oldrel-macos-arm64 | 1.1.8 | 431.00 | OK | |||
r-oldrel-macos-x86_64 | 1.1.8 | 574.00 | OK | |||
r-oldrel-windows-x86_64 | 1.1.8 | 22.00 | 584.00 | 606.00 | OK |
Version: 1.1.8
Check: dependencies in R code
Result: NOTE
Namespaces in Imports field not imported from:
‘Kendall’ ‘perm’
All declared Imports should be used.
Flavors: r-devel-linux-x86_64-fedora-clang, r-devel-linux-x86_64-fedora-gcc