Last updated on 2025-02-16 09:50:47 CET.
Flavor | Version | Tinstall | Tcheck | Ttotal | Status | Flags |
---|---|---|---|---|---|---|
r-devel-linux-x86_64-debian-clang | 2.4.3 | 6.60 | 52.39 | 58.99 | NOTE | |
r-devel-linux-x86_64-debian-gcc | 2.4.3 | 4.68 | 39.52 | 44.20 | NOTE | |
r-devel-linux-x86_64-fedora-clang | 2.4.3 | 93.90 | OK | |||
r-devel-linux-x86_64-fedora-gcc | 2.4.3 | 86.97 | OK | |||
r-devel-macos-arm64 | 2.4.3 | 125.00 | OK | |||
r-devel-macos-x86_64 | 2.4.3 | 50.00 | OK | |||
r-devel-windows-x86_64 | 2.4.3 | 7.00 | 65.00 | 72.00 | NOTE | |
r-patched-linux-x86_64 | 2.4.3 | 7.40 | 48.31 | 55.71 | OK | |
r-release-linux-x86_64 | 2.4.3 | 5.71 | 48.38 | 54.09 | OK | |
r-release-macos-arm64 | 2.4.3 | 29.00 | OK | |||
r-release-macos-x86_64 | 2.4.3 | 48.00 | OK | |||
r-release-windows-x86_64 | 2.4.3 | 7.00 | 66.00 | 73.00 | OK | |
r-oldrel-macos-arm64 | 2.4.3 | 33.00 | OK | |||
r-oldrel-macos-x86_64 | 2.4.3 | 51.00 | OK | |||
r-oldrel-windows-x86_64 | 2.4.3 | 9.00 | 85.00 | 94.00 | OK |
Version: 2.4.3
Check: Rd cross-references
Result: NOTE
Found the following Rd file(s) with Rd \link{} targets missing package
anchors:
compute.sigma.star.Rd: phi2tetra, nearPD
generate.binary.Rd: nearPD
Please provide package anchors for all Rd \link{} targets not in the
package itself and the base packages.
Flavors: r-devel-linux-x86_64-debian-clang, r-devel-linux-x86_64-debian-gcc, r-devel-windows-x86_64