Last updated on 2025-07-12 09:49:24 CEST.
Flavor | Version | Tinstall | Tcheck | Ttotal | Status | Flags |
---|---|---|---|---|---|---|
r-devel-linux-x86_64-debian-clang | 2.12 | 176.79 | 163.05 | 339.84 | NOTE | |
r-devel-linux-x86_64-debian-gcc | 2.12 | 126.62 | 111.91 | 238.53 | NOTE | |
r-devel-linux-x86_64-fedora-clang | 2.12 | 616.34 | OK | |||
r-devel-linux-x86_64-fedora-gcc | 2.12 | 564.57 | OK | |||
r-devel-windows-x86_64 | 2.12 | 199.00 | 206.00 | 405.00 | NOTE | |
r-patched-linux-x86_64 | 2.12 | 177.54 | 155.61 | 333.15 | NOTE | |
r-release-linux-x86_64 | 2.12 | 177.34 | 152.36 | 329.70 | NOTE | |
r-release-macos-arm64 | 2.12 | 188.00 | OK | |||
r-release-macos-x86_64 | 2.12 | 227.00 | OK | |||
r-release-windows-x86_64 | 2.12 | 196.00 | 215.00 | 411.00 | NOTE | |
r-oldrel-macos-arm64 | 2.12 | 129.00 | NOTE | |||
r-oldrel-macos-x86_64 | 2.12 | 160.00 | NOTE | |||
r-oldrel-windows-x86_64 | 2.12 | 242.00 | 269.00 | 511.00 | NOTE |
Version: 2.12
Check: Rd cross-references
Result: NOTE
Found the following Rd file(s) with Rd \link{} targets missing package
anchors:
getOuterViewpoints.Rd: vcgSphere
meshDist.Rd: shade3d, material3d
render.Rd: shade3d, material3d
warpmovie3d.Rd: shade3d
Please provide package anchors for all Rd \link{} targets not in the
package itself and the base packages.
Flavors: r-devel-linux-x86_64-debian-clang, r-devel-linux-x86_64-debian-gcc, r-devel-windows-x86_64, r-patched-linux-x86_64, r-release-linux-x86_64, r-release-windows-x86_64
Version: 2.12
Check: installed package size
Result: NOTE
installed size is 10.8Mb
sub-directories of 1Mb or more:
data 2.0Mb
libs 7.1Mb
Flavors: r-oldrel-macos-arm64, r-oldrel-macos-x86_64, r-oldrel-windows-x86_64