Last updated on 2025-02-16 09:50:47 CET.
Flavor | Version | Tinstall | Tcheck | Ttotal | Status | Flags |
---|---|---|---|---|---|---|
r-devel-linux-x86_64-debian-clang | 2.0.0 | 5.55 | 28.42 | 33.97 | NOTE | |
r-devel-linux-x86_64-debian-gcc | 2.0.0 | 4.38 | 22.55 | 26.93 | NOTE | |
r-devel-linux-x86_64-fedora-clang | 2.0.0 | 55.16 | NOTE | |||
r-devel-linux-x86_64-fedora-gcc | 2.0.0 | 52.46 | NOTE | |||
r-devel-macos-arm64 | 2.0.0 | 22.00 | OK | |||
r-devel-macos-x86_64 | 2.0.0 | 40.00 | OK | |||
r-devel-windows-x86_64 | 2.0.0 | 10.00 | 49.00 | 59.00 | NOTE | |
r-patched-linux-x86_64 | 2.0.0 | 4.72 | 27.11 | 31.83 | OK | |
r-release-linux-x86_64 | 2.0.0 | 5.28 | 27.09 | 32.37 | OK | |
r-release-macos-arm64 | 2.0.0 | 24.00 | OK | |||
r-release-macos-x86_64 | 2.0.0 | 47.00 | OK | |||
r-release-windows-x86_64 | 2.0.0 | 9.00 | 62.00 | 71.00 | OK | |
r-oldrel-macos-arm64 | 2.0.0 | 26.00 | OK | |||
r-oldrel-macos-x86_64 | 2.0.0 | 32.00 | OK | |||
r-oldrel-windows-x86_64 | 2.0.0 | 11.00 | 58.00 | 69.00 | OK |
Version: 2.0.0
Check: Rd cross-references
Result: NOTE
Found the following Rd file(s) with Rd \link{} targets missing package
anchors:
MonetDB.R.Rd: control
Please provide package anchors for all Rd \link{} targets not in the
package itself and the base packages.
Flavors: r-devel-linux-x86_64-debian-clang, r-devel-linux-x86_64-debian-gcc, r-devel-windows-x86_64
Version: 2.0.0
Check: dependencies in R code
Result: NOTE
Namespace in Imports field not imported from: ‘testthat’
All declared Imports should be used.
Flavors: r-devel-linux-x86_64-fedora-clang, r-devel-linux-x86_64-fedora-gcc