CRAN Package Check Results for Package Modelcharts

Last updated on 2025-02-19 09:50:56 CET.

Flavor Version Tinstall Tcheck Ttotal Status Flags
r-devel-linux-x86_64-debian-clang 0.1.0 5.90 42.56 48.46 OK
r-devel-linux-x86_64-debian-gcc 0.1.0 3.92 31.21 35.13 OK
r-devel-linux-x86_64-fedora-clang 0.1.0 72.99 OK
r-devel-linux-x86_64-fedora-gcc 0.1.0 74.81 OK
r-devel-macos-arm64 0.1.0 25.00 OK
r-devel-macos-x86_64 0.1.0 50.00 OK
r-devel-windows-x86_64 0.1.0 7.00 58.00 65.00 OK
r-patched-linux-x86_64 0.1.0 5.39 39.52 44.91 NOTE
r-release-linux-x86_64 0.1.0 5.37 38.99 44.36 NOTE
r-release-macos-arm64 0.1.0 27.00 NOTE
r-release-macos-x86_64 0.1.0 38.00 NOTE
r-release-windows-x86_64 0.1.0 6.00 57.00 63.00 NOTE
r-oldrel-macos-arm64 0.1.0 29.00 NOTE
r-oldrel-macos-x86_64 0.1.0 39.00 NOTE
r-oldrel-windows-x86_64 0.1.0 9.00 68.00 77.00 NOTE

Check Details

Version: 0.1.0
Check: LazyData
Result: NOTE 'LazyData' is specified without a 'data' directory Flavors: r-patched-linux-x86_64, r-release-linux-x86_64, r-release-macos-arm64, r-release-macos-x86_64, r-release-windows-x86_64, r-oldrel-macos-arm64, r-oldrel-macos-x86_64, r-oldrel-windows-x86_64