Last updated on 2025-02-16 09:50:46 CET.
Flavor | Version | Tinstall | Tcheck | Ttotal | Status | Flags |
---|---|---|---|---|---|---|
r-devel-linux-x86_64-debian-clang | 0.1.3 | 56.78 | 115.51 | 172.29 | NOTE | |
r-devel-linux-x86_64-debian-gcc | 0.1.3 | 48.80 | 91.20 | 140.00 | NOTE | |
r-devel-linux-x86_64-fedora-clang | 0.1.3 | 270.57 | NOTE | |||
r-devel-linux-x86_64-fedora-gcc | 0.1.3 | 268.31 | NOTE | |||
r-devel-macos-arm64 | 0.1.3 | 99.00 | OK | |||
r-devel-macos-x86_64 | 0.1.3 | 163.00 | NOTE | |||
r-devel-windows-x86_64 | 0.1.3 | 59.00 | 120.00 | 179.00 | NOTE | |
r-patched-linux-x86_64 | 0.1.3 | 53.97 | 109.36 | 163.33 | OK | |
r-release-linux-x86_64 | 0.1.3 | 52.59 | 110.71 | 163.30 | OK | |
r-release-macos-arm64 | 0.1.3 | 87.00 | NOTE | |||
r-release-macos-x86_64 | 0.1.3 | 109.00 | NOTE | |||
r-release-windows-x86_64 | 0.1.3 | 60.00 | 171.00 | 231.00 | OK | |
r-oldrel-macos-arm64 | 0.1.3 | 121.00 | NOTE | |||
r-oldrel-macos-x86_64 | 0.1.3 | 125.00 | NOTE | |||
r-oldrel-windows-x86_64 | 0.1.3 | 71.00 | 152.00 | 223.00 | OK |
Version: 0.1.3
Check: DESCRIPTION meta-information
Result: NOTE
Missing dependency on R >= 4.1.0 because package code uses the pipe
|> or function shorthand \(...) syntax added in R 4.1.0.
File(s) using such syntax:
‘MetaNLP.R’ ‘delete_functions.R’ ‘useful_functions.R’
Flavors: r-devel-linux-x86_64-debian-clang, r-devel-linux-x86_64-debian-gcc, r-devel-linux-x86_64-fedora-clang, r-devel-linux-x86_64-fedora-gcc, r-devel-macos-x86_64, r-devel-windows-x86_64
Version: 0.1.3
Check: installed package size
Result: NOTE
installed size is 5.2Mb
sub-directories of 1Mb or more:
R 4.9Mb
Flavors: r-release-macos-arm64, r-release-macos-x86_64, r-oldrel-macos-arm64, r-oldrel-macos-x86_64