Last updated on 2025-02-16 09:50:43 CET.
Flavor | Version | Tinstall | Tcheck | Ttotal | Status | Flags |
---|---|---|---|---|---|---|
r-devel-linux-x86_64-debian-clang | 0.2 | 19.66 | 36.32 | 55.98 | OK | |
r-devel-linux-x86_64-debian-gcc | 0.2 | 16.08 | 28.13 | 44.21 | OK | |
r-devel-linux-x86_64-fedora-clang | 0.2 | 104.19 | OK | |||
r-devel-linux-x86_64-fedora-gcc | 0.2 | 106.76 | OK | |||
r-devel-macos-arm64 | 0.2 | 32.00 | OK | |||
r-devel-macos-x86_64 | 0.2 | 55.00 | OK | |||
r-devel-windows-x86_64 | 0.2 | 24.00 | 74.00 | 98.00 | OK | |
r-patched-linux-x86_64 | 0.2 | 19.10 | 36.82 | 55.92 | NOTE | |
r-release-linux-x86_64 | 0.2 | 21.39 | 36.90 | 58.29 | NOTE | |
r-release-macos-arm64 | 0.2 | 32.00 | NOTE | |||
r-release-macos-x86_64 | 0.2 | 46.00 | NOTE | |||
r-release-windows-x86_64 | 0.2 | 24.00 | 76.00 | 100.00 | NOTE | |
r-oldrel-macos-arm64 | 0.2 | 42.00 | NOTE | |||
r-oldrel-macos-x86_64 | 0.2 | 55.00 | NOTE | |||
r-oldrel-windows-x86_64 | 0.2 | 30.00 | 89.00 | 119.00 | NOTE |
Version: 0.2
Check: LazyData
Result: NOTE
'LazyData' is specified without a 'data' directory
Flavors: r-patched-linux-x86_64, r-release-linux-x86_64, r-release-macos-arm64, r-release-macos-x86_64, r-release-windows-x86_64, r-oldrel-macos-arm64, r-oldrel-macos-x86_64, r-oldrel-windows-x86_64