Last updated on 2025-04-15 09:52:25 CEST.
Flavor | Version | Tinstall | Tcheck | Ttotal | Status | Flags |
---|---|---|---|---|---|---|
r-devel-linux-x86_64-debian-clang | 1.0.0 | 11.71 | 124.20 | 135.91 | OK | |
r-devel-linux-x86_64-debian-gcc | 1.0.0 | 8.10 | 93.54 | 101.64 | OK | |
r-devel-linux-x86_64-fedora-clang | 1.0.0 | 212.76 | OK | |||
r-devel-linux-x86_64-fedora-gcc | 1.0.0 | 212.27 | OK | |||
r-devel-windows-x86_64 | 1.0.0 | 14.00 | 114.00 | 128.00 | OK | |
r-patched-linux-x86_64 | 1.0.0 | 12.13 | 117.33 | 129.46 | OK | |
r-release-linux-x86_64 | 1.0.0 | 11.95 | 117.50 | 129.45 | OK | |
r-release-macos-arm64 | 1.0.0 | 64.00 | OK | |||
r-release-macos-x86_64 | 1.0.0 | 126.00 | OK | |||
r-release-windows-x86_64 | 1.0.0 | 13.00 | 117.00 | 130.00 | OK | |
r-oldrel-macos-arm64 | 1.0.0 | 64.00 | OK | |||
r-oldrel-macos-x86_64 | 1.0.0 | 127.00 | OK | |||
r-oldrel-windows-x86_64 | 1.0.0 | 18.00 | 145.00 | 163.00 | ERROR |
Version: 1.0.0
Check: re-building of vignette outputs
Result: ERROR
Error(s) in re-building vignettes:
--- re-building 'my-vignette.Rmd' using rmarkdown
The magick package is required to crop "D:/RCompile/CRANpkg/local/4.4/MariNET.Rcheck/vign_test/MariNET/vignettes/my-vignette_files/figure-html/qgraph-plot2-1.png" but not available.
The magick package is required to crop "D:/RCompile/CRANpkg/local/4.4/MariNET.Rcheck/vign_test/MariNET/vignettes/my-vignette_files/figure-html/qgraph-plot3-1.png" but not available.
The magick package is required to crop "D:/RCompile/CRANpkg/local/4.4/MariNET.Rcheck/vign_test/MariNET/vignettes/my-vignette_files/figure-html/qgraph-plot4-1.png" but not available.
File styles.css not found in resource path
Error: processing vignette 'my-vignette.Rmd' failed with diagnostics:
pandoc document conversion failed with error 99
--- failed re-building 'my-vignette.Rmd'
SUMMARY: processing the following file failed:
'my-vignette.Rmd'
Error: Vignette re-building failed.
Execution halted
Flavor: r-oldrel-windows-x86_64