CRAN Package Check Results for Package MM

Last updated on 2025-10-07 09:49:52 CEST.

Flavor Version Tinstall Tcheck Ttotal Status Flags
r-devel-linux-x86_64-debian-clang 1.6-8 4.51 54.26 58.77 NOTE
r-devel-linux-x86_64-debian-gcc 1.6-8 2.88 40.93 43.81 NOTE
r-devel-linux-x86_64-fedora-clang 1.6-8 85.06 OK
r-devel-linux-x86_64-fedora-gcc 1.6-8 99.82 OK
r-devel-windows-x86_64 1.6-8 6.00 96.00 102.00 OK
r-patched-linux-x86_64 1.6-8 4.06 51.85 55.91 OK
r-release-linux-x86_64 1.6-8 4.09 51.49 55.58 OK
r-release-macos-arm64 1.6-8 41.00 OK
r-release-macos-x86_64 1.6-8 73.00 OK
r-release-windows-x86_64 1.6-8 6.00 96.00 102.00 OK
r-oldrel-macos-arm64 1.6-8 43.00 OK
r-oldrel-macos-x86_64 1.6-8 54.00 OK
r-oldrel-windows-x86_64 1.6-8 7.00 101.00 108.00 OK

Check Details

Version: 1.6-8
Check: CRAN incoming feasibility
Result: NOTE Maintainer: ‘Robin K. S. Hankin <hankin.robin@gmail.com>’ No Authors@R field in DESCRIPTION. Please add one, modifying Authors@R: c(person(given = c("Robin", "K.", "S."), family = "Hankin", role = c("aut", "cre"), email = "hankin.robin@gmail.com"), person(given = c("P.", "M.", "E."), family = "Altham", role = "aut")) as necessary. Flavors: r-devel-linux-x86_64-debian-clang, r-devel-linux-x86_64-debian-gcc