Last updated on 2025-10-27 08:49:59 CET.
| Flavor | Version | Tinstall | Tcheck | Ttotal | Status | Flags |
|---|---|---|---|---|---|---|
| r-devel-linux-x86_64-debian-clang | 1.0.1 | 2.11 | 44.17 | 46.28 | OK | |
| r-devel-linux-x86_64-debian-gcc | 1.0.1 | 1.67 | 33.49 | 35.16 | OK | |
| r-devel-linux-x86_64-fedora-clang | 1.0.1 | 77.16 | NOTE | |||
| r-devel-linux-x86_64-fedora-gcc | 1.0.1 | 86.41 | NOTE | |||
| r-devel-windows-x86_64 | 1.0.1 | 5.00 | 61.00 | 66.00 | OK | |
| r-patched-linux-x86_64 | 1.0.1 | 2.23 | 41.33 | 43.56 | OK | |
| r-release-linux-x86_64 | 1.0.1 | 2.01 | 41.91 | 43.92 | OK | |
| r-release-macos-arm64 | 1.0.1 | 1.00 | 30.00 | 31.00 | OK | |
| r-release-macos-x86_64 | 1.0.1 | 2.00 | 50.00 | 52.00 | OK | |
| r-release-windows-x86_64 | 1.0.1 | 5.00 | 63.00 | 68.00 | OK | |
| r-oldrel-macos-arm64 | 1.0.1 | 1.00 | 28.00 | 29.00 | OK | |
| r-oldrel-macos-x86_64 | 1.0.1 | 2.00 | 41.00 | 43.00 | OK | |
| r-oldrel-windows-x86_64 | 1.0.1 | 7.00 | 73.00 | 80.00 | OK |
Version: 1.0.1
Check: dependencies in R code
Result: NOTE
Namespaces in Imports field not imported from:
‘ConfusionTableR’ ‘OddsPlotty’ ‘caret’ ‘dplyr’ ‘ggplot2’ ‘parsnip’
‘ranger’ ‘recipes’ ‘rsample’ ‘varhandle’ ‘workflows’
All declared Imports should be used.
Flavors: r-devel-linux-x86_64-fedora-clang, r-devel-linux-x86_64-fedora-gcc