CRAN Package Check Results for Package MIIVsem

Last updated on 2025-02-16 09:50:46 CET.

Flavor Version Tinstall Tcheck Ttotal Status Flags
r-devel-linux-x86_64-debian-clang 0.5.8 5.83 33.63 39.46 NOTE
r-devel-linux-x86_64-debian-gcc 0.5.8 4.12 23.89 28.01 NOTE
r-devel-linux-x86_64-fedora-clang 0.5.8 64.72 NOTE
r-devel-linux-x86_64-fedora-gcc 0.5.8 58.91 NOTE
r-devel-macos-arm64 0.5.8 23.00 NOTE
r-devel-macos-x86_64 0.5.8 35.00 NOTE
r-devel-windows-x86_64 0.5.8 7.00 55.00 62.00 NOTE
r-patched-linux-x86_64 0.5.8 5.22 31.99 37.21 NOTE
r-release-linux-x86_64 0.5.8 4.35 31.83 36.18 NOTE
r-release-macos-arm64 0.5.8 22.00 NOTE
r-release-macos-x86_64 0.5.8 30.00 NOTE
r-release-windows-x86_64 0.5.8 8.00 56.00 64.00 NOTE
r-oldrel-macos-arm64 0.5.8 22.00 OK
r-oldrel-macos-x86_64 0.5.8 30.00 OK
r-oldrel-windows-x86_64 0.5.8 9.00 77.00 86.00 OK

Check Details

Version: 0.5.8
Check: Rd files
Result: NOTE checkRd: (-1) miive.Rd:120-239: Lost braces in \itemize; meant \describe ? checkRd: (-1) miive.Rd:241-264: Lost braces in \itemize; meant \describe ? checkRd: (-1) miive.Rd:266-277: Lost braces in \itemize; meant \describe ? checkRd: (-1) miive.Rd:279-286: Lost braces in \itemize; meant \describe ? checkRd: (-1) miive.Rd:288-293: Lost braces in \itemize; meant \describe ? checkRd: (-1) miive.Rd:295-311: Lost braces in \itemize; meant \describe ? checkRd: (-1) miive.Rd:313-337: Lost braces in \itemize; meant \describe ? checkRd: (-1) miive.Rd:339-352: Lost braces in \itemize; meant \describe ? checkRd: (-1) miive.Rd:353-370: Lost braces in \itemize; meant \describe ? checkRd: (-1) miive.Rd:426: Lost braces 426 | \link{MIIVsem}{miivs} | ^ checkRd: (-1) miivs.Rd:33-160: Lost braces in \itemize; meant \describe ? Flavors: r-devel-linux-x86_64-debian-clang, r-devel-linux-x86_64-debian-gcc, r-devel-linux-x86_64-fedora-clang, r-devel-linux-x86_64-fedora-gcc, r-devel-macos-arm64, r-devel-macos-x86_64, r-devel-windows-x86_64, r-patched-linux-x86_64, r-release-linux-x86_64, r-release-macos-arm64, r-release-macos-x86_64, r-release-windows-x86_64