CRAN Package Check Results for Package MEMSS

Last updated on 2025-04-16 09:53:04 CEST.

Flavor Version Tinstall Tcheck Ttotal Status Flags
r-devel-linux-x86_64-debian-clang 0.9-3 5.95 40.62 46.57 NOTE
r-devel-linux-x86_64-debian-gcc 0.9-3 4.60 28.38 32.98 NOTE
r-devel-linux-x86_64-fedora-clang 0.9-3 72.23 NOTE
r-devel-linux-x86_64-fedora-gcc 0.9-3 68.44 NOTE
r-devel-windows-x86_64 0.9-3 7.00 72.00 79.00 NOTE
r-patched-linux-x86_64 0.9-3 7.19 38.81 46.00 NOTE
r-release-linux-x86_64 0.9-3 5.83 38.41 44.24 NOTE
r-release-macos-arm64 0.9-3 28.00 NOTE
r-release-macos-x86_64 0.9-3 48.00 NOTE
r-release-windows-x86_64 0.9-3 7.00 69.00 76.00 NOTE
r-oldrel-macos-arm64 0.9-3 26.00 NOTE
r-oldrel-macos-x86_64 0.9-3 51.00 NOTE
r-oldrel-windows-x86_64 0.9-3 8.00 81.00 89.00 NOTE

Check Details

Version: 0.9-3
Check: Rd files
Result: NOTE checkRd: (-1) Soybean.Rd:15: Escaped LaTeX specials: \# checkRd: (-1) Soybean.Rd:33: Escaped LaTeX specials: \# Flavors: r-devel-linux-x86_64-debian-clang, r-devel-linux-x86_64-debian-gcc, r-devel-linux-x86_64-fedora-clang, r-devel-linux-x86_64-fedora-gcc, r-devel-windows-x86_64, r-patched-linux-x86_64, r-release-linux-x86_64, r-release-macos-arm64, r-release-macos-x86_64, r-release-windows-x86_64, r-oldrel-macos-arm64, r-oldrel-macos-x86_64, r-oldrel-windows-x86_64