CRAN Package Check Results for Package LongituRF

Last updated on 2025-07-10 09:48:38 CEST.

Flavor Version Tinstall Tcheck Ttotal Status Flags
r-devel-linux-x86_64-debian-clang 0.9 5.79 42.93 48.72 OK
r-devel-linux-x86_64-debian-gcc 0.9 3.83 31.49 35.32 OK
r-devel-linux-x86_64-fedora-clang 0.9 76.00 OK
r-devel-linux-x86_64-fedora-gcc 0.9 71.67 OK
r-devel-windows-x86_64 0.9 8.00 62.00 70.00 OK
r-patched-linux-x86_64 0.9 6.08 40.82 46.90 OK
r-release-linux-x86_64 0.9 5.41 40.60 46.01 OK
r-release-macos-arm64 0.9 30.00 OK
r-release-macos-x86_64 0.9 52.00 OK
r-release-windows-x86_64 0.9 7.00 68.00 75.00 OK
r-oldrel-macos-arm64 0.9 24.00 NOTE
r-oldrel-macos-x86_64 0.9 35.00 NOTE
r-oldrel-windows-x86_64 0.9 9.00 108.00 117.00 NOTE

Check Details

Version: 0.9
Check: LazyData
Result: NOTE 'LazyData' is specified without a 'data' directory Flavors: r-oldrel-macos-arm64, r-oldrel-macos-x86_64, r-oldrel-windows-x86_64