Last updated on 2025-02-16 09:50:42 CET.
Flavor | Version | Tinstall | Tcheck | Ttotal | Status | Flags |
---|---|---|---|---|---|---|
r-devel-linux-x86_64-debian-clang | 1.3-1 | 25.07 | 24.21 | 49.28 | NOTE | |
r-devel-linux-x86_64-debian-gcc | 1.3-1 | 17.56 | 19.56 | 37.12 | NOTE | |
r-devel-linux-x86_64-fedora-clang | 1.3-1 | 90.66 | NOTE | |||
r-devel-linux-x86_64-fedora-gcc | 1.3-1 | 92.52 | NOTE | |||
r-devel-macos-arm64 | 1.3-1 | 29.00 | NOTE | |||
r-devel-macos-x86_64 | 1.3-1 | 40.00 | NOTE | |||
r-devel-windows-x86_64 | 1.3-1 | 26.00 | 68.00 | 94.00 | NOTE | |
r-patched-linux-x86_64 | 1.3-1 | 25.35 | 22.79 | 48.14 | NOTE | |
r-release-linux-x86_64 | 1.3-1 | 24.77 | 23.08 | 47.85 | NOTE | |
r-release-macos-arm64 | 1.3-1 | 29.00 | NOTE | |||
r-release-macos-x86_64 | 1.3-1 | 36.00 | NOTE | |||
r-release-windows-x86_64 | 1.3-1 | 26.00 | 76.00 | 102.00 | NOTE | |
r-oldrel-macos-arm64 | 1.3-1 | 27.00 | NOTE | |||
r-oldrel-macos-x86_64 | 1.3-1 | 44.00 | NOTE | |||
r-oldrel-windows-x86_64 | 1.3-1 | 31.00 | 69.00 | 100.00 | NOTE |
Version: 1.3-1
Check: C++ specification
Result: NOTE
Specified C++11: please drop specification unless essential
Flavors: r-devel-linux-x86_64-debian-clang, r-devel-linux-x86_64-debian-gcc, r-devel-linux-x86_64-fedora-clang, r-devel-linux-x86_64-fedora-gcc, r-devel-macos-arm64, r-devel-macos-x86_64, r-devel-windows-x86_64, r-patched-linux-x86_64, r-release-linux-x86_64, r-release-macos-arm64, r-release-macos-x86_64, r-release-windows-x86_64, r-oldrel-macos-arm64, r-oldrel-macos-x86_64, r-oldrel-windows-x86_64
Version: 1.3-1
Check: Rd files
Result: NOTE
checkRd: (-1) cauchypoly.Rd:39: Escaped LaTeX specials: \_ \_ \_
checkRd: (-1) cauchypoly.Rd:40: Escaped LaTeX specials: \_
checkRd: (-1) normpoly.Rd:38: Escaped LaTeX specials: \_ \_ \_
checkRd: (-1) normpoly.Rd:39: Escaped LaTeX specials: \_
Flavors: r-devel-linux-x86_64-debian-clang, r-devel-linux-x86_64-debian-gcc, r-devel-linux-x86_64-fedora-clang, r-devel-linux-x86_64-fedora-gcc, r-devel-macos-arm64, r-devel-macos-x86_64, r-devel-windows-x86_64, r-patched-linux-x86_64, r-release-linux-x86_64, r-release-macos-arm64, r-release-macos-x86_64, r-release-windows-x86_64, r-oldrel-macos-arm64, r-oldrel-macos-x86_64, r-oldrel-windows-x86_64