Last updated on 2025-10-27 08:49:57 CET.
| Flavor | Version | Tinstall | Tcheck | Ttotal | Status | Flags |
|---|---|---|---|---|---|---|
| r-devel-linux-x86_64-debian-clang | 0.9 | 3.82 | 35.69 | 39.51 | NOTE | |
| r-devel-linux-x86_64-debian-gcc | 0.9 | 3.26 | 27.13 | 30.39 | NOTE | |
| r-devel-linux-x86_64-fedora-clang | 0.9 | 22.00 | 41.33 | 63.33 | OK | |
| r-devel-linux-x86_64-fedora-gcc | 0.9 | 57.09 | OK | |||
| r-devel-windows-x86_64 | 0.9 | 6.00 | 51.00 | 57.00 | OK | |
| r-patched-linux-x86_64 | 0.9 | 3.41 | 34.34 | 37.75 | OK | |
| r-release-linux-x86_64 | 0.9 | 4.26 | 33.90 | 38.16 | OK | |
| r-release-macos-arm64 | 0.9 | 2.00 | 23.00 | 25.00 | OK | |
| r-release-macos-x86_64 | 0.9 | 3.00 | 41.00 | 44.00 | OK | |
| r-release-windows-x86_64 | 0.9 | 6.00 | 55.00 | 61.00 | OK | |
| r-oldrel-macos-arm64 | 0.9 | 2.00 | 20.00 | 22.00 | OK | |
| r-oldrel-macos-x86_64 | 0.9 | 3.00 | 27.00 | 30.00 | OK | |
| r-oldrel-windows-x86_64 | 0.9 | 8.00 | 61.00 | 69.00 | OK |
Version: 0.9
Check: CRAN incoming feasibility
Result: NOTE
Maintainer: ‘Charles Bouveyron <charles.bouveyron@gmail.com>’
No Authors@R field in DESCRIPTION.
Please add one, modifying
Authors@R: c(person(given = "Charles",
family = "Bouveyron",
role = c("aut", "cre"),
email = "charles.bouveyron@gmail.com"),
person(given = "Pierre",
family = "Latouche",
role = "aut"),
person(given = "Stéphane",
family = "Petiot",
role = "aut"),
person(given = "Carlos",
family = "Ocanto",
role = "aut"))
as necessary.
Flavors: r-devel-linux-x86_64-debian-clang, r-devel-linux-x86_64-debian-gcc