CRAN Package Check Results for Package LimnoPalettes

Last updated on 2025-02-16 09:50:42 CET.

Flavor Version Tinstall Tcheck Ttotal Status Flags
r-devel-linux-x86_64-debian-clang 0.1.0 1.66 15.79 17.45 OK
r-devel-linux-x86_64-debian-gcc 0.1.0 1.36 12.83 14.19 OK
r-devel-linux-x86_64-fedora-clang 0.1.0 28.20 OK
r-devel-linux-x86_64-fedora-gcc 0.1.0 26.58 OK
r-devel-macos-arm64 0.1.0 15.00 OK
r-devel-macos-x86_64 0.1.0 22.00 OK
r-devel-windows-x86_64 0.1.0 3.00 34.00 37.00 OK
r-patched-linux-x86_64 0.1.0 1.64 15.18 16.82 NOTE
r-release-linux-x86_64 0.1.0 1.56 14.98 16.54 NOTE
r-release-macos-arm64 0.1.0 13.00 NOTE
r-release-macos-x86_64 0.1.0 19.00 NOTE
r-release-windows-x86_64 0.1.0 4.00 33.00 37.00 NOTE
r-oldrel-macos-arm64 0.1.0 14.00 NOTE
r-oldrel-macos-x86_64 0.1.0 18.00 NOTE
r-oldrel-windows-x86_64 0.1.0 5.00 34.00 39.00 NOTE

Check Details

Version: 0.1.0
Check: LazyData
Result: NOTE 'LazyData' is specified without a 'data' directory Flavors: r-patched-linux-x86_64, r-release-linux-x86_64, r-release-macos-arm64, r-release-macos-x86_64, r-release-windows-x86_64, r-oldrel-macos-arm64, r-oldrel-macos-x86_64, r-oldrel-windows-x86_64