Last updated on 2025-02-19 09:50:52 CET.
Flavor | Version | Tinstall | Tcheck | Ttotal | Status | Flags |
---|---|---|---|---|---|---|
r-devel-linux-x86_64-debian-clang | 1.2.2 | 11.15 | 82.91 | 94.06 | OK | |
r-devel-linux-x86_64-debian-gcc | 1.2.2 | 7.54 | 59.16 | 66.70 | OK | |
r-devel-linux-x86_64-fedora-clang | 1.2.2 | 150.73 | NOTE | |||
r-devel-linux-x86_64-fedora-gcc | 1.2.2 | 137.06 | NOTE | |||
r-devel-macos-arm64 | 1.2.2 | 41.00 | OK | |||
r-devel-macos-x86_64 | 1.2.2 | 88.00 | OK | |||
r-devel-windows-x86_64 | 1.2.2 | 13.00 | 97.00 | 110.00 | OK | |
r-patched-linux-x86_64 | 1.2.2 | 9.33 | 77.05 | 86.38 | OK | |
r-release-linux-x86_64 | 1.2.2 | 7.55 | 76.18 | 83.73 | OK | |
r-release-macos-arm64 | 1.2.2 | 41.00 | OK | |||
r-release-macos-x86_64 | 1.2.2 | 67.00 | OK | |||
r-release-windows-x86_64 | 1.2.2 | 11.00 | 90.00 | 101.00 | OK | |
r-oldrel-macos-arm64 | 1.2.2 | 44.00 | OK | |||
r-oldrel-macos-x86_64 | 1.2.2 | 58.00 | OK | |||
r-oldrel-windows-x86_64 | 1.2.2 | 15.00 | 135.00 | 150.00 | OK |
Version: 1.2.2
Check: dependencies in R code
Result: NOTE
Namespaces in Imports field not imported from:
‘SnowballC’ ‘data.table’ ‘e1071’ ‘fastmatch’
All declared Imports should be used.
Flavors: r-devel-linux-x86_64-fedora-clang, r-devel-linux-x86_64-fedora-gcc