Last updated on 2025-02-16 09:50:42 CET.
Flavor | Version | Tinstall | Tcheck | Ttotal | Status | Flags |
---|---|---|---|---|---|---|
r-devel-linux-x86_64-debian-clang | 0.1.0 | 2.07 | 23.55 | 25.62 | NOTE | |
r-devel-linux-x86_64-debian-gcc | 0.1.0 | 1.40 | 19.33 | 20.73 | NOTE | |
r-devel-linux-x86_64-fedora-clang | 0.1.0 | 40.92 | NOTE | |||
r-devel-linux-x86_64-fedora-gcc | 0.1.0 | 38.79 | NOTE | |||
r-devel-macos-arm64 | 0.1.0 | 18.00 | OK | |||
r-devel-macos-x86_64 | 0.1.0 | 49.00 | OK | |||
r-devel-windows-x86_64 | 0.1.0 | 3.00 | 55.00 | 58.00 | OK | |
r-patched-linux-x86_64 | 0.1.0 | 2.32 | 22.29 | 24.61 | NOTE | |
r-release-linux-x86_64 | 0.1.0 | 1.89 | 22.21 | 24.10 | NOTE | |
r-release-macos-arm64 | 0.1.0 | 17.00 | OK | |||
r-release-macos-x86_64 | 0.1.0 | 24.00 | OK | |||
r-release-windows-x86_64 | 0.1.0 | 3.00 | 49.00 | 52.00 | OK | |
r-oldrel-macos-arm64 | 0.1.0 | 23.00 | OK | |||
r-oldrel-macos-x86_64 | 0.1.0 | 32.00 | OK | |||
r-oldrel-windows-x86_64 | 0.1.0 | 4.00 | 65.00 | 69.00 | OK |
Version: 0.1.0
Check: for non-standard things in the check directory
Result: NOTE
Found the following files/directories:
‘MYSLID.csv’ ‘tabelle.csv’
Flavors: r-devel-linux-x86_64-debian-clang, r-devel-linux-x86_64-debian-gcc, r-devel-linux-x86_64-fedora-clang, r-devel-linux-x86_64-fedora-gcc, r-patched-linux-x86_64, r-release-linux-x86_64