CRAN Package Check Results for Package LW1949

Last updated on 2025-02-19 09:50:53 CET.

Flavor Version Tinstall Tcheck Ttotal Status Flags
r-devel-linux-x86_64-debian-clang 1.1.0 8.08 76.79 84.87 NOTE
r-devel-linux-x86_64-debian-gcc 1.1.0 5.88 56.75 62.63 NOTE
r-devel-linux-x86_64-fedora-clang 1.1.0 139.16 OK
r-devel-linux-x86_64-fedora-gcc 1.1.0 143.95 OK
r-devel-macos-arm64 1.1.0 56.00 OK
r-devel-macos-x86_64 1.1.0 95.00 OK
r-devel-windows-x86_64 1.1.0 8.00 92.00 100.00 NOTE
r-patched-linux-x86_64 1.1.0 8.47 72.12 80.59 NOTE
r-release-linux-x86_64 1.1.0 8.23 72.20 80.43 NOTE
r-release-macos-arm64 1.1.0 54.00 NOTE
r-release-macos-x86_64 1.1.0 72.00 NOTE
r-release-windows-x86_64 1.1.0 9.00 91.00 100.00 NOTE
r-oldrel-macos-arm64 1.1.0 50.00 NOTE
r-oldrel-macos-x86_64 1.1.0 86.00 NOTE
r-oldrel-windows-x86_64 1.1.0 11.00 102.00 113.00 NOTE

Check Details

Version: 1.1.0
Check: Rd cross-references
Result: NOTE Found the following Rd file(s) with Rd \link{} targets missing package anchors: gamtable1.Rd: gamObject Please provide package anchors for all Rd \link{} targets not in the package itself and the base packages. Flavors: r-devel-linux-x86_64-debian-clang, r-devel-linux-x86_64-debian-gcc, r-devel-windows-x86_64

Version: 1.1.0
Check: LazyData
Result: NOTE 'LazyData' is specified without a 'data' directory Flavors: r-patched-linux-x86_64, r-release-linux-x86_64, r-release-macos-arm64, r-release-macos-x86_64, r-release-windows-x86_64, r-oldrel-macos-arm64, r-oldrel-macos-x86_64, r-oldrel-windows-x86_64