Last updated on 2025-02-16 09:50:42 CET.
Flavor | Version | Tinstall | Tcheck | Ttotal | Status | Flags |
---|---|---|---|---|---|---|
r-devel-linux-x86_64-debian-clang | 1.1.0 | 12.80 | 116.75 | 129.55 | OK | |
r-devel-linux-x86_64-debian-gcc | 1.1.0 | 10.51 | 86.55 | 97.06 | OK | |
r-devel-linux-x86_64-fedora-clang | 1.1.0 | 215.98 | OK | |||
r-devel-linux-x86_64-fedora-gcc | 1.1.0 | 213.51 | OK | |||
r-devel-macos-arm64 | 1.1.0 | 57.00 | OK | |||
r-devel-macos-x86_64 | 1.1.0 | 120.00 | OK | |||
r-devel-windows-x86_64 | 1.1.0 | 14.00 | 116.00 | 130.00 | OK | |
r-patched-linux-x86_64 | 1.1.0 | 12.61 | 112.07 | 124.68 | NOTE | |
r-release-linux-x86_64 | 1.1.0 | 12.94 | 111.35 | 124.29 | NOTE | |
r-release-macos-arm64 | 1.1.0 | 61.00 | NOTE | |||
r-release-macos-x86_64 | 1.1.0 | 93.00 | NOTE | |||
r-release-windows-x86_64 | 1.1.0 | 15.00 | 119.00 | 134.00 | NOTE | |
r-oldrel-macos-arm64 | 1.1.0 | 62.00 | NOTE | |||
r-oldrel-macos-x86_64 | 1.1.0 | 102.00 | NOTE | |||
r-oldrel-windows-x86_64 | 1.1.0 | 17.00 | 133.00 | 150.00 | NOTE |
Version: 1.1.0
Check: LazyData
Result: NOTE
'LazyData' is specified without a 'data' directory
Flavors: r-patched-linux-x86_64, r-release-linux-x86_64, r-release-macos-arm64, r-release-macos-x86_64, r-release-windows-x86_64, r-oldrel-macos-arm64, r-oldrel-macos-x86_64, r-oldrel-windows-x86_64