Last updated on 2025-02-19 09:50:52 CET.
Flavor | Version | Tinstall | Tcheck | Ttotal | Status | Flags |
---|---|---|---|---|---|---|
r-devel-linux-x86_64-debian-clang | 1.10 | 7.78 | 66.82 | 74.60 | OK | |
r-devel-linux-x86_64-debian-gcc | 1.10 | 5.05 | 51.42 | 56.47 | OK | |
r-devel-linux-x86_64-fedora-clang | 1.10 | 115.30 | NOTE | |||
r-devel-linux-x86_64-fedora-gcc | 1.10 | 123.91 | NOTE | |||
r-devel-macos-arm64 | 1.10 | 45.00 | OK | |||
r-devel-macos-x86_64 | 1.10 | 73.00 | OK | |||
r-devel-windows-x86_64 | 1.10 | 8.00 | 79.00 | 87.00 | OK | |
r-patched-linux-x86_64 | 1.10 | 7.22 | 62.52 | 69.74 | NOTE | |
r-release-linux-x86_64 | 1.10 | 6.46 | 61.58 | 68.04 | NOTE | |
r-release-macos-arm64 | 1.10 | 41.00 | NOTE | |||
r-release-macos-x86_64 | 1.10 | 62.00 | NOTE | |||
r-release-windows-x86_64 | 1.10 | 9.00 | 78.00 | 87.00 | NOTE | |
r-oldrel-macos-arm64 | 1.10 | 44.00 | NOTE | |||
r-oldrel-macos-x86_64 | 1.10 | 79.00 | NOTE | |||
r-oldrel-windows-x86_64 | 1.10 | 12.00 | 86.00 | 98.00 | NOTE |
Version: 1.10
Check: dependencies in R code
Result: NOTE
Namespaces in Imports field not imported from:
‘devtools’ ‘reticulate’ ‘tensorflow’
All declared Imports should be used.
Flavors: r-devel-linux-x86_64-fedora-clang, r-devel-linux-x86_64-fedora-gcc
Version: 1.10
Check: LazyData
Result: NOTE
'LazyData' is specified without a 'data' directory
Flavors: r-patched-linux-x86_64, r-release-linux-x86_64, r-release-macos-arm64, r-release-macos-x86_64, r-release-windows-x86_64, r-oldrel-macos-arm64, r-oldrel-macos-x86_64, r-oldrel-windows-x86_64