Last updated on 2025-02-16 09:50:42 CET.
Flavor | Version | Tinstall | Tcheck | Ttotal | Status | Flags |
---|---|---|---|---|---|---|
r-devel-linux-x86_64-debian-clang | 0.2.1 | 4.86 | 50.71 | 55.57 | OK | |
r-devel-linux-x86_64-debian-gcc | 0.2.1 | 3.49 | 37.42 | 40.91 | OK | |
r-devel-linux-x86_64-fedora-clang | 0.2.1 | 92.73 | NOTE | |||
r-devel-linux-x86_64-fedora-gcc | 0.2.1 | 96.77 | NOTE | |||
r-devel-macos-arm64 | 0.2.1 | 36.00 | OK | |||
r-devel-macos-x86_64 | 0.2.1 | 68.00 | OK | |||
r-devel-windows-x86_64 | 0.2.1 | 7.00 | 70.00 | 77.00 | OK | |
r-patched-linux-x86_64 | 0.2.1 | 4.46 | 47.23 | 51.69 | OK | |
r-release-linux-x86_64 | 0.2.1 | 4.50 | 46.44 | 50.94 | OK | |
r-release-macos-arm64 | 0.2.1 | 32.00 | OK | |||
r-release-macos-x86_64 | 0.2.1 | 54.00 | OK | |||
r-release-windows-x86_64 | 0.2.1 | 7.00 | 72.00 | 79.00 | OK | |
r-oldrel-macos-arm64 | 0.2.1 | 40.00 | OK | |||
r-oldrel-macos-x86_64 | 0.2.1 | 59.00 | OK | |||
r-oldrel-windows-x86_64 | 0.2.1 | 8.00 | 77.00 | 85.00 | OK |
Version: 0.2.1
Check: dependencies in R code
Result: NOTE
Namespaces in Imports field not imported from:
‘dplyr’ ‘tibble’
All declared Imports should be used.
Flavors: r-devel-linux-x86_64-fedora-clang, r-devel-linux-x86_64-fedora-gcc