Last updated on 2025-02-16 09:50:42 CET.
Flavor | Version | Tinstall | Tcheck | Ttotal | Status | Flags |
---|---|---|---|---|---|---|
r-devel-linux-x86_64-debian-clang | 1.0.1 | 170.69 | 157.07 | 327.76 | NOTE | |
r-devel-linux-x86_64-debian-gcc | 1.0.1 | 120.69 | 124.21 | 244.90 | NOTE | |
r-devel-linux-x86_64-fedora-clang | 1.0.1 | 629.26 | OK | |||
r-devel-linux-x86_64-fedora-gcc | 1.0.1 | 627.95 | OK | |||
r-devel-macos-arm64 | 1.0.1 | 136.00 | OK | |||
r-devel-macos-x86_64 | 1.0.1 | 269.00 | OK | |||
r-devel-windows-x86_64 | 1.0.1 | 175.00 | 199.00 | 374.00 | NOTE | |
r-patched-linux-x86_64 | 1.0.1 | 169.96 | 152.09 | 322.05 | OK | |
r-release-linux-x86_64 | 1.0.1 | 169.06 | 153.65 | 322.71 | OK | |
r-release-macos-arm64 | 1.0.1 | 146.00 | NOTE | |||
r-release-macos-x86_64 | 1.0.1 | 210.00 | NOTE | |||
r-release-windows-x86_64 | 1.0.1 | 178.00 | 204.00 | 382.00 | OK | |
r-oldrel-macos-arm64 | 1.0.1 | 177.00 | NOTE | |||
r-oldrel-macos-x86_64 | 1.0.1 | 309.00 | NOTE | |||
r-oldrel-windows-x86_64 | 1.0.1 | 217.00 | 252.00 | 469.00 | OK |
Version: 1.0.1
Check: Rd cross-references
Result: NOTE
Found the following Rd file(s) with Rd \link{} targets missing package
anchors:
jmodelMult.Rd: lme, coxph, Surv
jmodelTM.Rd: lme, coxph, Surv
Please provide package anchors for all Rd \link{} targets not in the
package itself and the base packages.
Flavors: r-devel-linux-x86_64-debian-clang, r-devel-linux-x86_64-debian-gcc, r-devel-windows-x86_64
Version: 1.0.1
Check: installed package size
Result: NOTE
installed size is 22.5Mb
sub-directories of 1Mb or more:
libs 22.0Mb
Flavors: r-release-macos-arm64, r-release-macos-x86_64, r-oldrel-macos-arm64, r-oldrel-macos-x86_64