Last updated on 2025-02-16 09:50:42 CET.
Flavor | Version | Tinstall | Tcheck | Ttotal | Status | Flags |
---|---|---|---|---|---|---|
r-devel-linux-x86_64-debian-clang | 1.0.2 | 19.99 | 72.05 | 92.04 | NOTE | |
r-devel-linux-x86_64-debian-gcc | 1.0.2 | 13.40 | 50.73 | 64.13 | NOTE | |
r-devel-linux-x86_64-fedora-clang | 1.0.2 | 147.46 | NOTE | |||
r-devel-linux-x86_64-fedora-gcc | 1.0.2 | 129.78 | NOTE | |||
r-devel-macos-arm64 | 1.0.2 | 42.00 | NOTE | |||
r-devel-macos-x86_64 | 1.0.2 | 99.00 | NOTE | |||
r-devel-windows-x86_64 | 1.0.2 | 21.00 | 84.00 | 105.00 | NOTE | |
r-patched-linux-x86_64 | 1.0.2 | 17.83 | 67.29 | 85.12 | NOTE | |
r-release-linux-x86_64 | 1.0.2 | 17.42 | 67.41 | 84.83 | NOTE | |
r-release-macos-arm64 | 1.0.2 | 41.00 | NOTE | |||
r-release-macos-x86_64 | 1.0.2 | 77.00 | NOTE | |||
r-release-windows-x86_64 | 1.0.2 | 23.00 | 88.00 | 111.00 | NOTE | |
r-oldrel-macos-arm64 | 1.0.2 | 136.00 | OK | |||
r-oldrel-macos-x86_64 | 1.0.2 | 102.00 | OK | |||
r-oldrel-windows-x86_64 | 1.0.2 | 27.00 | 120.00 | 147.00 | OK |
Version: 1.0.2
Check: Rd files
Result: NOTE
checkRd: (-1) jointLPM.Rd:298: Lost braces; missing escapes or markup?
298 | following transformation b_1 + b_2*I_1(Y(t)) + ... + b_{n+2}*I_{n+1}(Y(t)),
| ^
checkRd: (-1) jointLPM.Rd:298: Lost braces; missing escapes or markup?
298 | following transformation b_1 + b_2*I_1(Y(t)) + ... + b_{n+2}*I_{n+1}(Y(t)),
| ^
checkRd: (-1) jointLPM.Rd:299: Lost braces; missing escapes or markup?
299 | where I_1,...,I_{n+1} is the basis of quadratic I-splines. To constraint the
| ^
Flavors: r-devel-linux-x86_64-debian-clang, r-devel-linux-x86_64-debian-gcc, r-devel-linux-x86_64-fedora-clang, r-devel-linux-x86_64-fedora-gcc, r-devel-macos-arm64, r-devel-macos-x86_64, r-devel-windows-x86_64, r-patched-linux-x86_64, r-release-linux-x86_64, r-release-macos-arm64, r-release-macos-x86_64, r-release-windows-x86_64