Last updated on 2025-02-16 09:50:41 CET.
Flavor | Version | Tinstall | Tcheck | Ttotal | Status | Flags |
---|---|---|---|---|---|---|
r-devel-linux-x86_64-debian-clang | 1.0.1 | 5.65 | 47.98 | 53.63 | OK | |
r-devel-linux-x86_64-debian-gcc | 1.0.1 | 4.33 | 36.78 | 41.11 | OK | |
r-devel-linux-x86_64-fedora-clang | 1.0.1 | 90.23 | NOTE | |||
r-devel-linux-x86_64-fedora-gcc | 1.0.1 | 95.28 | NOTE | |||
r-devel-macos-arm64 | 1.0.1 | 37.00 | OK | |||
r-devel-macos-x86_64 | 1.0.1 | 66.00 | OK | |||
r-devel-windows-x86_64 | 1.0.1 | 8.00 | 68.00 | 76.00 | OK | |
r-patched-linux-x86_64 | 1.0.1 | 5.90 | 45.93 | 51.83 | OK | |
r-release-linux-x86_64 | 1.0.1 | 5.38 | 45.55 | 50.93 | OK | |
r-release-macos-arm64 | 1.0.1 | 43.00 | OK | |||
r-release-macos-x86_64 | 1.0.1 | 60.00 | OK | |||
r-release-windows-x86_64 | 1.0.1 | 8.00 | 71.00 | 79.00 | OK | |
r-oldrel-macos-arm64 | 1.0.1 | 43.00 | OK | |||
r-oldrel-macos-x86_64 | 1.0.1 | 66.00 | OK | |||
r-oldrel-windows-x86_64 | 1.0.1 | 9.00 | 99.00 | 108.00 | OK |
Version: 1.0.1
Check: dependencies in R code
Result: NOTE
Namespace in Imports field not imported from: ‘DiagrammeR’
All declared Imports should be used.
Flavors: r-devel-linux-x86_64-fedora-clang, r-devel-linux-x86_64-fedora-gcc