Last updated on 2025-02-16 09:50:41 CET.
Flavor | Version | Tinstall | Tcheck | Ttotal | Status | Flags |
---|---|---|---|---|---|---|
r-devel-linux-x86_64-debian-clang | 0.1-3 | 17.08 | 135.92 | 153.00 | NOTE | |
r-devel-linux-x86_64-debian-gcc | 0.1-3 | 12.36 | 89.56 | 101.92 | NOTE | |
r-devel-linux-x86_64-fedora-clang | 0.1-3 | 252.48 | NOTE | |||
r-devel-linux-x86_64-fedora-gcc | 0.1-3 | 229.79 | NOTE | |||
r-devel-macos-arm64 | 0.1-3 | 59.00 | NOTE | |||
r-devel-macos-x86_64 | 0.1-3 | 134.00 | NOTE | |||
r-devel-windows-x86_64 | 0.1-3 | 17.00 | 119.00 | 136.00 | NOTE | |
r-patched-linux-x86_64 | 0.1-3 | 15.44 | 126.31 | 141.75 | NOTE | |
r-release-linux-x86_64 | 0.1-3 | 16.60 | 124.03 | 140.63 | NOTE | |
r-release-macos-arm64 | 0.1-3 | 57.00 | NOTE | |||
r-release-macos-x86_64 | 0.1-3 | 94.00 | NOTE | |||
r-release-windows-x86_64 | 0.1-3 | 17.00 | 124.00 | 141.00 | NOTE | |
r-oldrel-macos-arm64 | 0.1-3 | 63.00 | OK | |||
r-oldrel-macos-x86_64 | 0.1-3 | 107.00 | OK | |||
r-oldrel-windows-x86_64 | 0.1-3 | 23.00 | 150.00 | 173.00 | OK |
Version: 0.1-3
Check: Rd files
Result: NOTE
checkRd: (-1) IndexComp.Rd:69: Lost braces in \itemize; \value handles \item{}{} directly
checkRd: (-1) IndexComp.Rd:70: Lost braces in \itemize; \value handles \item{}{} directly
checkRd: (-1) IndexComp.Rd:71: Lost braces in \itemize; \value handles \item{}{} directly
checkRd: (-1) IndexComp.Rd:72: Lost braces in \itemize; \value handles \item{}{} directly
checkRd: (-1) IndexComp.Rd:73: Lost braces in \itemize; \value handles \item{}{} directly
checkRd: (-1) IndexComp.Rd:74: Lost braces in \itemize; \value handles \item{}{} directly
checkRd: (-1) IndexComp.Rd:78: Lost braces in \itemize; \value handles \item{}{} directly
checkRd: (-1) IndexComp.Rd:79: Lost braces in \itemize; \value handles \item{}{} directly
checkRd: (-1) IndexComp.Rd:80: Lost braces in \itemize; \value handles \item{}{} directly
checkRd: (-1) IndexComp.Rd:81: Lost braces in \itemize; \value handles \item{}{} directly
Flavors: r-devel-linux-x86_64-debian-clang, r-devel-linux-x86_64-debian-gcc, r-devel-linux-x86_64-fedora-clang, r-devel-linux-x86_64-fedora-gcc, r-devel-macos-arm64, r-devel-macos-x86_64, r-devel-windows-x86_64, r-patched-linux-x86_64, r-release-linux-x86_64, r-release-macos-arm64, r-release-macos-x86_64, r-release-windows-x86_64