Last updated on 2025-02-16 09:50:41 CET.
Flavor | Version | Tinstall | Tcheck | Ttotal | Status | Flags |
---|---|---|---|---|---|---|
r-devel-linux-x86_64-debian-clang | 0.9.0 | 2.06 | 23.81 | 25.87 | NOTE | |
r-devel-linux-x86_64-debian-gcc | 0.9.0 | 1.74 | 18.21 | 19.95 | NOTE | |
r-devel-linux-x86_64-fedora-clang | 0.9.0 | 43.49 | NOTE | |||
r-devel-linux-x86_64-fedora-gcc | 0.9.0 | 40.37 | OK | |||
r-devel-macos-arm64 | 0.9.0 | 17.00 | OK | |||
r-devel-macos-x86_64 | 0.9.0 | 29.00 | OK | |||
r-devel-windows-x86_64 | 0.9.0 | 5.00 | 47.00 | 52.00 | OK | |
r-patched-linux-x86_64 | 0.9.0 | 2.04 | 23.06 | 25.10 | NOTE | |
r-release-linux-x86_64 | 0.9.0 | 2.42 | 22.83 | 25.25 | NOTE | |
r-release-macos-arm64 | 0.9.0 | 18.00 | OK | |||
r-release-macos-x86_64 | 0.9.0 | 41.00 | OK | |||
r-release-windows-x86_64 | 0.9.0 | 4.00 | 48.00 | 52.00 | OK | |
r-oldrel-macos-arm64 | 0.9.0 | 24.00 | OK | |||
r-oldrel-macos-x86_64 | 0.9.0 | 34.00 | OK | |||
r-oldrel-windows-x86_64 | 0.9.0 | 3.00 | 76.00 | 79.00 | OK |
Version: 0.9.0
Check: R code for possible problems
Result: NOTE
Found the following assignments to the global environment:
File ‘IgorR/R/ReadIgorBinary.R’:
assign(WaveName, rval, envir = .GlobalEnv)
Flavors: r-devel-linux-x86_64-debian-clang, r-devel-linux-x86_64-debian-gcc, r-devel-linux-x86_64-fedora-clang, r-patched-linux-x86_64, r-release-linux-x86_64