CRAN Package Check Results for Package IPEC

Last updated on 2025-02-16 09:50:41 CET.

Flavor Version Tinstall Tcheck Ttotal Status Flags
r-devel-linux-x86_64-debian-clang 1.1.0 3.12 40.53 43.65 NOTE
r-devel-linux-x86_64-debian-gcc 1.1.0 2.35 29.75 32.10 NOTE
r-devel-linux-x86_64-fedora-clang 1.1.0 73.59 OK
r-devel-linux-x86_64-fedora-gcc 1.1.0 67.21 OK
r-devel-macos-arm64 1.1.0 21.00 OK
r-devel-macos-x86_64 1.1.0 44.00 OK
r-devel-windows-x86_64 1.1.0 4.00 63.00 67.00 NOTE
r-patched-linux-x86_64 1.1.0 4.50 39.00 43.50 OK
r-release-linux-x86_64 1.1.0 2.61 38.31 40.92 OK
r-release-macos-arm64 1.1.0 22.00 OK
r-release-macos-x86_64 1.1.0 32.00 OK
r-release-windows-x86_64 1.1.0 4.00 67.00 71.00 OK
r-oldrel-macos-arm64 1.1.0 28.00 OK
r-oldrel-macos-x86_64 1.1.0 61.00 OK
r-oldrel-windows-x86_64 1.1.0 4.00 62.00 66.00 OK

Check Details

Version: 1.1.0
Check: Rd cross-references
Result: NOTE Found the following Rd file(s) with Rd \link{} targets missing package anchors: curvIPEC.Rd: hessian, jacobian, rms.curv skewIPEC.Rd: ginv Please provide package anchors for all Rd \link{} targets not in the package itself and the base packages. Flavors: r-devel-linux-x86_64-debian-clang, r-devel-linux-x86_64-debian-gcc, r-devel-windows-x86_64