Last updated on 2025-02-16 09:50:41 CET.
Flavor | Version | Tinstall | Tcheck | Ttotal | Status | Flags |
---|---|---|---|---|---|---|
r-devel-linux-x86_64-debian-clang | 0.1.0 | 18.26 | 142.75 | 161.01 | NOTE | |
r-devel-linux-x86_64-debian-gcc | 0.1.0 | 13.11 | 98.29 | 111.40 | NOTE | |
r-devel-linux-x86_64-fedora-clang | 0.1.0 | 252.27 | NOTE | |||
r-devel-linux-x86_64-fedora-gcc | 0.1.0 | 259.64 | NOTE | |||
r-devel-macos-arm64 | 0.1.0 | 73.00 | NOTE | |||
r-devel-macos-x86_64 | 0.1.0 | 154.00 | NOTE | |||
r-devel-windows-x86_64 | 0.1.0 | 20.00 | 132.00 | 152.00 | NOTE | |
r-patched-linux-x86_64 | 0.1.0 | 17.72 | 127.18 | 144.90 | NOTE | |
r-release-linux-x86_64 | 0.1.0 | 17.24 | 127.78 | 145.02 | NOTE | |
r-release-macos-arm64 | 0.1.0 | 88.00 | NOTE | |||
r-release-macos-x86_64 | 0.1.0 | 120.00 | NOTE | |||
r-release-windows-x86_64 | 0.1.0 | 19.00 | 135.00 | 154.00 | NOTE | |
r-oldrel-macos-arm64 | 0.1.0 | 84.00 | NOTE | |||
r-oldrel-macos-x86_64 | 0.1.0 | 149.00 | NOTE | |||
r-oldrel-windows-x86_64 | 0.1.0 | 28.00 | 183.00 | 211.00 | NOTE |
Version: 0.1.0
Check: package subdirectories
Result: NOTE
Problems with news in ‘NEWS.md’:
Cannot extract version info from the following section titles:
INSPECTumours (development version)
Flavors: r-devel-linux-x86_64-debian-clang, r-devel-linux-x86_64-debian-gcc, r-devel-linux-x86_64-fedora-clang, r-devel-linux-x86_64-fedora-gcc, r-devel-macos-arm64, r-devel-macos-x86_64, r-devel-windows-x86_64, r-patched-linux-x86_64, r-release-linux-x86_64, r-release-macos-arm64, r-release-macos-x86_64, r-release-windows-x86_64, r-oldrel-macos-arm64, r-oldrel-macos-x86_64, r-oldrel-windows-x86_64